Last updated on 2023-12-09 16:49:22 CET.
Flavor | Version | Tinstall | Tcheck | Ttotal | Status | Flags |
---|---|---|---|---|---|---|
r-devel-linux-x86_64-debian-clang | 1.1.1 | 5.08 | 50.81 | 55.89 | OK | |
r-devel-linux-x86_64-debian-gcc | 1.1.1 | 4.44 | 38.03 | 42.47 | OK | |
r-devel-linux-x86_64-fedora-clang | 1.1.1 | 69.95 | NOTE | |||
r-devel-linux-x86_64-fedora-gcc | 1.1.1 | 66.21 | OK | |||
r-devel-windows-x86_64 | 1.1.1 | 6.00 | 57.00 | 63.00 | OK | |
r-patched-linux-x86_64 | 1.1.1 | 4.37 | 48.41 | 52.78 | OK | |
r-release-linux-x86_64 | 1.1.1 | 3.86 | 47.83 | 51.69 | OK | |
r-release-macos-arm64 | 1.1.1 | 24.00 | OK | |||
r-release-macos-x86_64 | 1.1.1 | 33.00 | OK | |||
r-release-windows-x86_64 | 1.1.1 | 8.00 | 62.00 | 70.00 | OK | |
r-oldrel-macos-arm64 | 1.1.1 | 27.00 | OK | |||
r-oldrel-macos-x86_64 | 1.1.1 | 36.00 | OK | |||
r-oldrel-windows-x86_64 | 1.1.1 | 8.00 | 68.00 | 76.00 | OK |
Version: 1.1.1
Check: Rd cross-references
Result: NOTE
Undeclared package ‘AER’ in Rd xrefs
Flavor: r-devel-linux-x86_64-fedora-clang