Last updated on 2023-12-06 16:53:15 CET.
Flavor | Version | Tinstall | Tcheck | Ttotal | Status | Flags |
---|---|---|---|---|---|---|
r-devel-linux-x86_64-debian-clang | 0.2.1 | 44.62 | 458.62 | 503.24 | OK | |
r-devel-linux-x86_64-debian-gcc | 0.2.1 | 36.63 | 340.40 | 377.03 | OK | |
r-devel-linux-x86_64-fedora-clang | 0.2.1 | 628.43 | OK | |||
r-devel-linux-x86_64-fedora-gcc | 0.2.1 | 506.06 | OK | |||
r-devel-windows-x86_64 | 0.2.1 | 39.00 | 302.00 | 341.00 | OK | |
r-patched-linux-x86_64 | 0.2.1 | 39.68 | 440.90 | 480.58 | OK | |
r-release-linux-x86_64 | 0.2.1 | 30.54 | 427.59 | 458.13 | OK | |
r-release-macos-arm64 | 0.2.1 | 153.00 | OK | |||
r-release-macos-x86_64 | 0.2.1 | 305.00 | OK | |||
r-release-windows-x86_64 | 0.2.1 | 52.00 | 426.00 | 478.00 | OK | |
r-oldrel-macos-arm64 | 0.2.1 | 143.00 | OK | |||
r-oldrel-macos-x86_64 | 0.2.1 | 12.00 | ERROR | |||
r-oldrel-windows-x86_64 | 0.2.1 | 54.00 | 400.00 | 454.00 | OK |
Version: 0.2.1
Check: package dependencies
Result: ERROR
Package required and available but unsuitable version: ‘stars’
See section ‘The DESCRIPTION file’ in the ‘Writing R Extensions’
manual.
Flavor: r-oldrel-macos-x86_64