CRAN Package Check Results for Package isocir

Last updated on 2020-06-06 03:48:30 CEST.

Flavor Version Tinstall Tcheck Ttotal Status Flags
r-devel-linux-x86_64-debian-clang 2.0-6 11.96 60.40 72.36 NOTE
r-devel-linux-x86_64-debian-gcc 2.0-6 9.28 45.85 55.13 NOTE
r-devel-linux-x86_64-fedora-clang 2.0-6 94.15 NOTE
r-devel-linux-x86_64-fedora-gcc 2.0-6 86.02 NOTE
r-devel-windows-ix86+x86_64 2.0-6 30.00 88.00 118.00 NOTE
r-patched-linux-x86_64 2.0-6 11.04 59.55 70.59 NOTE
r-patched-solaris-x86 2.0-6 113.80 NOTE
r-release-linux-x86_64 2.0-6 11.70 59.91 71.61 NOTE
r-release-osx-x86_64 2.0-6 NOTE
r-release-windows-ix86+x86_64 2.0-6 18.00 121.00 139.00 NOTE
r-oldrel-osx-x86_64 2.0-6 NOTE
r-oldrel-windows-ix86+x86_64 2.0-6 25.00 82.00 107.00 NOTE

Check Details

Version: 2.0-6
Check: R code for possible problems
Result: NOTE
    ACO : bordacircular: no visible global function definition for
     'medianCircular'
    Undefined global functions or variables:
     medianCircular
Flavors: r-devel-linux-x86_64-debian-clang, r-devel-linux-x86_64-debian-gcc, r-devel-linux-x86_64-fedora-clang, r-devel-linux-x86_64-fedora-gcc, r-devel-windows-ix86+x86_64, r-patched-linux-x86_64, r-patched-solaris-x86, r-release-linux-x86_64, r-release-osx-x86_64, r-release-windows-ix86+x86_64, r-oldrel-osx-x86_64, r-oldrel-windows-ix86+x86_64

Version: 2.0-6
Check: compiled code
Result: NOTE
    File ‘isocir/libs/isocir.so’:
     Found no calls to: ‘R_registerRoutines’, ‘R_useDynamicSymbols’
    
    It is good practice to register native routines and to disable symbol
    search.
    
    See ‘Writing portable packages’ in the ‘Writing R Extensions’ manual.
Flavors: r-devel-linux-x86_64-fedora-clang, r-devel-linux-x86_64-fedora-gcc