CRAN Package Check Results for Package isobxr

Last updated on 2024-06-13 16:49:11 CEST.

Flavor Version Tinstall Tcheck Ttotal Status Flags
r-devel-linux-x86_64-debian-clang 2.0.0 11.64 80.83 92.47 OK
r-devel-linux-x86_64-debian-gcc 2.0.0 0.41 1.87 2.28 ERROR
r-devel-linux-x86_64-fedora-clang 2.0.0 115.21 OK
r-devel-linux-x86_64-fedora-gcc 2.0.0 121.64 OK
r-devel-windows-x86_64 2.0.0 12.00 77.00 89.00 OK
r-patched-linux-x86_64 2.0.0 9.57 76.78 86.35 OK
r-release-linux-x86_64 2.0.0 8.60 74.63 83.23 OK
r-release-macos-arm64 2.0.0 39.00 OK
r-release-macos-x86_64 2.0.0 55.00 OK
r-release-windows-x86_64 2.0.0 13.00 77.00 90.00 OK
r-oldrel-macos-arm64 2.0.0 40.00 OK
r-oldrel-macos-x86_64 2.0.0 108.00 OK
r-oldrel-windows-x86_64 2.0.0 15.00 89.00 104.00 OK

Check Details

Version: 2.0.0
Check: package dependencies
Result: ERROR Packages required but not available: 'stringr', 'readxl', 'dplyr', 'ggplot2', 'ggrepel', 'qgraph', 'tidyr', 'purrr', 'reshape2' Packages suggested but not available for checking: 'devtools', 'roxygen2', 'tidyselect' See section ‘The DESCRIPTION file’ in the ‘Writing R Extensions’ manual. Flavor: r-devel-linux-x86_64-debian-gcc