CRAN Package Check Results for Package irtQ

Last updated on 2024-02-28 05:12:54 CET.

Flavor Version Tinstall Tcheck Ttotal Status Flags
r-devel-linux-x86_64-debian-clang 0.2.0 35.18 205.65 240.83 NOTE
r-devel-linux-x86_64-debian-gcc 0.2.0 26.53 154.29 180.82 NOTE
r-devel-linux-x86_64-fedora-clang 0.2.0 293.13 NOTE
r-devel-linux-x86_64-fedora-gcc 0.2.0 281.43 NOTE
r-devel-windows-x86_64 0.2.0 30.00 157.00 187.00 OK
r-patched-linux-x86_64 0.2.0 25.34 198.26 223.60 OK
r-release-linux-x86_64 0.2.0 23.36 197.14 220.50 OK
r-release-macos-arm64 0.2.0 70.00 OK
r-release-macos-x86_64 0.2.0 150.00 OK
r-release-windows-x86_64 0.2.0 39.00 204.00 243.00 OK
r-oldrel-macos-arm64 0.2.0 76.00 OK
r-oldrel-windows-x86_64 0.2.0 41.00 194.00 235.00 OK

Check Details

Version: 0.2.0
Check: Rd files
Result: NOTE checkRd: (-1) est_mg.Rd:284: Lost braces 284 | item parameter estimates across the groups in the code{\link{est_mg}} function. | ^ checkRd: (-1) llike_score.Rd:22: Lost braces 22 | function. See \code{\link{est_irt}}, \code{\link{irtfit}}, \\code{\link{info}}, | ^ Flavors: r-devel-linux-x86_64-debian-clang, r-devel-linux-x86_64-debian-gcc, r-devel-linux-x86_64-fedora-clang, r-devel-linux-x86_64-fedora-gcc