Last updated on 2025-01-19 04:48:57 CET.
Flavor | Version | Tinstall | Tcheck | Ttotal | Status | Flags |
---|---|---|---|---|---|---|
r-devel-linux-x86_64-debian-clang | 1.4.1 | 97.91 | 396.36 | 494.27 | NOTE | |
r-devel-linux-x86_64-debian-gcc | 1.4.1 | 75.41 | 274.77 | 350.18 | NOTE | |
r-devel-linux-x86_64-fedora-clang | 1.4.1 | 880.59 | OK | |||
r-devel-linux-x86_64-fedora-gcc | 1.4.1 | 891.83 | OK | |||
r-devel-windows-x86_64 | 1.4.1 | 108.00 | 374.00 | 482.00 | NOTE | |
r-patched-linux-x86_64 | 1.4.1 | 113.09 | 382.12 | 495.21 | OK | |
r-release-linux-x86_64 | 1.4.1 | 103.99 | 342.07 | 446.06 | OK | |
r-release-macos-arm64 | 1.4.1 | 182.00 | OK | |||
r-release-macos-x86_64 | 1.4.1 | 298.00 | OK | |||
r-release-windows-x86_64 | 1.4.1 | 110.00 | 381.00 | 491.00 | OK | |
r-oldrel-macos-arm64 | 1.4.1 | 188.00 | OK | |||
r-oldrel-macos-x86_64 | 1.4.1 | 351.00 | OK | |||
r-oldrel-windows-x86_64 | 1.4.1 | 128.00 | 484.00 | 612.00 | OK |
Version: 1.4.1
Check: Rd cross-references
Result: NOTE
Found the following Rd file(s) with Rd \link{} targets missing package
anchors:
ipsecr-internal.Rd: detectfn, addCovariates, sim.popn, sim.capthist,
popn, capthist
ipsecr-package.Rd: sim.popn, sim.capthist, usage, makeStart, Parallel
ipsecr.fit.Rd: mask, detectfn, verify, setNumThreads
ipsecrdemo.Rd: capthist, read.capthist, secrdemo
plot.ipsecr.Rd: Detection functions, detectfnplot
plotProxy.Rd: detectfn
predict.ipsecr.Rd: predictDsurface
Please provide package anchors for all Rd \link{} targets not in the
package itself and the base packages.
Flavors: r-devel-linux-x86_64-debian-clang, r-devel-linux-x86_64-debian-gcc, r-devel-windows-x86_64