CRAN Package Check Results for Package ipsRdbs

Last updated on 2024-02-26 16:56:27 CET.

Flavor Version Tinstall Tcheck Ttotal Status Flags
r-devel-linux-x86_64-debian-clang 0.2.6 5.92 78.70 84.62 NOTE
r-devel-linux-x86_64-debian-gcc 0.2.6 4.41 60.14 64.55 NOTE
r-devel-linux-x86_64-fedora-clang 0.2.6 110.06 OK
r-devel-linux-x86_64-fedora-gcc 0.2.6 104.01 OK
r-devel-windows-x86_64 0.2.6 6.00 83.00 89.00 OK
r-patched-linux-x86_64 0.2.6 5.56 77.75 83.31 OK
r-release-linux-x86_64 0.2.6 4.22 78.15 82.37 OK
r-release-macos-arm64 0.2.6 32.00 OK
r-release-macos-x86_64 0.2.6 72.00 OK
r-release-windows-x86_64 0.2.6 8.00 101.00 109.00 OK
r-oldrel-macos-arm64 0.2.6 37.00 OK
r-oldrel-windows-x86_64 0.2.6 8.00 106.00 114.00 OK

Check Details

Version: 0.2.6
Check: Rd files
Result: NOTE checkRd: (-1) monty.Rd:15: Lost braces in \itemize; meant \describe ? checkRd: (-1) monty.Rd:16: Lost braces in \itemize; meant \describe ? checkRd: (-1) monty.Rd:17: Lost braces in \itemize; meant \describe ? Flavors: r-devel-linux-x86_64-debian-clang, r-devel-linux-x86_64-debian-gcc