CRAN Package Check Results for Package ipeadatar

Last updated on 2020-11-30 03:47:43 CET.

Flavor Version Tinstall Tcheck Ttotal Status Flags
r-devel-linux-x86_64-debian-clang 0.1.1 4.48 25.19 29.67 OK
r-devel-linux-x86_64-debian-gcc 0.1.1 2.83 19.41 22.24 OK
r-devel-linux-x86_64-fedora-clang 0.1.1 38.88 NOTE
r-devel-linux-x86_64-fedora-gcc 0.1.1 30.13 NOTE
r-devel-windows-ix86+x86_64 0.1.1 6.00 32.00 38.00 OK
r-patched-linux-x86_64 0.1.1 3.23 24.62 27.85 OK
r-patched-solaris-x86 0.1.1 45.50 NOTE
r-release-linux-x86_64 0.1.1 3.24 24.34 27.58 OK
r-release-macos-x86_64 0.1.1 NOTE
r-release-windows-ix86+x86_64 0.1.1 5.00 35.00 40.00 OK
r-oldrel-macos-x86_64 0.1.1 NOTE
r-oldrel-windows-ix86+x86_64 0.1.1 4.00 40.00 44.00 OK

Check Details

Version: 0.1.1
Check: dependencies in R code
Result: NOTE
    Namespace in Imports field not imported from: ‘curl’
     All declared Imports should be used.
Flavors: r-devel-linux-x86_64-fedora-clang, r-devel-linux-x86_64-fedora-gcc, r-patched-solaris-x86, r-release-macos-x86_64, r-oldrel-macos-x86_64