Last updated on 2023-12-04 16:53:29 CET.
Flavor | Version | Tinstall | Tcheck | Ttotal | Status | Flags |
---|---|---|---|---|---|---|
r-devel-linux-x86_64-debian-clang | 0.9.1 | 14.62 | 190.21 | 204.83 | NOTE | |
r-devel-linux-x86_64-debian-gcc | 0.9.1 | 13.21 | 141.16 | 154.37 | NOTE | |
r-devel-linux-x86_64-fedora-clang | 0.9.1 | 249.36 | NOTE | |||
r-devel-linux-x86_64-fedora-gcc | 0.9.1 | 252.20 | NOTE | |||
r-devel-windows-x86_64 | 0.9.1 | 22.00 | 172.00 | 194.00 | NOTE | |
r-patched-linux-x86_64 | 0.9.1 | 12.03 | 180.64 | 192.67 | OK | |
r-release-linux-x86_64 | 0.9.1 | 12.06 | 180.68 | 192.74 | OK | |
r-release-macos-arm64 | 0.9.1 | 88.00 | OK | |||
r-release-macos-x86_64 | 0.9.1 | 143.00 | OK | |||
r-release-windows-x86_64 | 0.9.1 | 29.00 | 225.00 | 254.00 | OK | |
r-oldrel-macos-arm64 | 0.9.1 | 63.00 | OK | |||
r-oldrel-macos-x86_64 | 0.9.1 | 90.00 | OK | |||
r-oldrel-windows-x86_64 | 0.9.1 | 30.00 | 206.00 | 236.00 | OK |
Version: 0.9.1
Check: Rd files
Result: NOTE
checkRd: (-1) iotable_get.Rd:27: Lost braces in \itemize; meant \describe ?
checkRd: (-1) iotable_get.Rd:28: Lost braces in \itemize; meant \describe ?
checkRd: (-1) iotable_get.Rd:29: Lost braces in \itemize; meant \describe ?
checkRd: (-1) iotable_get.Rd:30: Lost braces in \itemize; meant \describe ?
checkRd: (-1) iotable_get.Rd:31: Lost braces in \itemize; meant \describe ?
checkRd: (-1) iotable_get.Rd:32: Lost braces in \itemize; meant \describe ?
checkRd: (-1) iotable_get.Rd:33: Lost braces in \itemize; meant \describe ?
checkRd: (-1) iotable_get.Rd:34: Lost braces in \itemize; meant \describe ?
checkRd: (-1) iotable_get.Rd:35: Lost braces in \itemize; meant \describe ?
checkRd: (-1) iotable_get.Rd:36: Lost braces in \itemize; meant \describe ?
checkRd: (-1) iotable_get.Rd:37: Lost braces in \itemize; meant \describe ?
checkRd: (-1) iotable_get.Rd:38: Lost braces in \itemize; meant \describe ?
checkRd: (-1) iotables_download.Rd:46: Lost braces in \itemize; meant \describe ?
checkRd: (-1) iotables_download.Rd:47: Lost braces in \itemize; meant \describe ?
checkRd: (-1) iotables_download.Rd:48: Lost braces in \itemize; meant \describe ?
checkRd: (-1) iotables_download.Rd:49: Lost braces in \itemize; meant \describe ?
checkRd: (-1) iotables_download.Rd:50: Lost braces in \itemize; meant \describe ?
checkRd: (-1) iotables_download.Rd:51: Lost braces in \itemize; meant \describe ?
checkRd: (-1) iotables_download.Rd:52: Lost braces in \itemize; meant \describe ?
checkRd: (-1) iotables_download.Rd:53: Lost braces in \itemize; meant \describe ?
checkRd: (-1) iotables_download.Rd:54: Lost braces in \itemize; meant \describe ?
checkRd: (-1) iotables_download.Rd:55: Lost braces in \itemize; meant \describe ?
checkRd: (-1) iotables_download.Rd:56: Lost braces in \itemize; meant \describe ?
checkRd: (-1) iotables_download.Rd:57: Lost braces in \itemize; meant \describe ?
checkRd: (-1) iotables_download.Rd:58: Lost braces in \itemize; meant \describe ?
checkRd: (-1) iotables_metadata_get.Rd:28: Lost braces in \itemize; meant \describe ?
checkRd: (-1) iotables_metadata_get.Rd:29: Lost braces in \itemize; meant \describe ?
checkRd: (-1) iotables_metadata_get.Rd:30: Lost braces in \itemize; meant \describe ?
checkRd: (-1) iotables_metadata_get.Rd:31: Lost braces in \itemize; meant \describe ?
checkRd: (-1) iotables_metadata_get.Rd:32: Lost braces in \itemize; meant \describe ?
checkRd: (-1) iotables_metadata_get.Rd:33: Lost braces in \itemize; meant \describe ?
checkRd: (-1) iotables_metadata_get.Rd:34: Lost braces in \itemize; meant \describe ?
checkRd: (-1) iotables_metadata_get.Rd:35: Lost braces in \itemize; meant \describe ?
checkRd: (-1) iotables_metadata_get.Rd:36: Lost braces in \itemize; meant \describe ?
checkRd: (-1) iotables_metadata_get.Rd:37: Lost braces in \itemize; meant \describe ?
checkRd: (-1) iotables_metadata_get.Rd:38: Lost braces in \itemize; meant \describe ?
checkRd: (-1) iotables_metadata_get.Rd:39: Lost braces in \itemize; meant \describe ?
checkRd: (-1) iotables_metadata_get.Rd:40: Lost braces in \itemize; meant \describe ?
checkRd: (-1) iotables_read_tempdir.Rd:25: Lost braces in \itemize; meant \describe ?
checkRd: (-1) iotables_read_tempdir.Rd:26: Lost braces in \itemize; meant \describe ?
checkRd: (-1) iotables_read_tempdir.Rd:27: Lost braces in \itemize; meant \describe ?
checkRd: (-1) iotables_read_tempdir.Rd:28: Lost braces in \itemize; meant \describe ?
checkRd: (-1) iotables_read_tempdir.Rd:29: Lost braces in \itemize; meant \describe ?
checkRd: (-1) iotables_read_tempdir.Rd:30: Lost braces in \itemize; meant \describe ?
checkRd: (-1) iotables_read_tempdir.Rd:31: Lost braces in \itemize; meant \describe ?
checkRd: (-1) iotables_read_tempdir.Rd:32: Lost braces in \itemize; meant \describe ?
checkRd: (-1) iotables_read_tempdir.Rd:33: Lost braces in \itemize; meant \describe ?
checkRd: (-1) iotables_read_tempdir.Rd:34: Lost braces in \itemize; meant \describe ?
checkRd: (-1) iotables_read_tempdir.Rd:35: Lost braces in \itemize; meant \describe ?
checkRd: (-1) iotables_read_tempdir.Rd:36: Lost braces in \itemize; meant \describe ?
checkRd: (-1) iotables_read_tempdir.Rd:37: Lost braces in \itemize; meant \describe ?
checkRd: (-1) uk_2010_data.Rd:36: Lost braces in \itemize; meant \describe ?
checkRd: (-1) uk_2010_data.Rd:37: Lost braces in \itemize; meant \describe ?
checkRd: (-1) uk_2010_data.Rd:38: Lost braces in \itemize; meant \describe ?
checkRd: (-1) uk_2010_data.Rd:39: Lost braces in \itemize; meant \describe ?
checkRd: (-1) uk_2010_data.Rd:40: Lost braces in \itemize; meant \describe ?
Flavors: r-devel-linux-x86_64-debian-clang, r-devel-linux-x86_64-debian-gcc
Version: 0.9.1
Check: Rd \usage sections
Result: NOTE
Documented arguments not in \usage in Rd file 'chars_collapse.Rd':
‘collapse’
Functions with \usage entries need to have the appropriate \alias
entries, and all their arguments documented.
The \usage entries must correspond to syntactically valid R code.
See chapter ‘Writing R documentation files’ in the ‘Writing R
Extensions’ manual.
Flavors: r-devel-linux-x86_64-debian-clang, r-devel-linux-x86_64-debian-gcc, r-devel-linux-x86_64-fedora-clang, r-devel-linux-x86_64-fedora-gcc, r-devel-windows-x86_64