CRAN Package Check Results for Package ioanalysis

Last updated on 2024-02-29 04:54:17 CET.

Flavor Version Tinstall Tcheck Ttotal Status Flags
r-devel-linux-x86_64-debian-clang 0.3.4 12.52 82.23 94.75 NOTE
r-devel-linux-x86_64-debian-gcc 0.3.4 9.80 60.23 70.03 NOTE
r-devel-linux-x86_64-fedora-clang 0.3.4 117.87 NOTE
r-devel-linux-x86_64-fedora-gcc 0.3.4 112.50 NOTE
r-devel-windows-x86_64 0.3.4 10.00 76.00 86.00 OK
r-patched-linux-x86_64 0.3.4 12.38 75.69 88.07 OK
r-release-linux-x86_64 0.3.4 9.43 74.69 84.12 OK
r-release-macos-arm64 0.3.4 37.00 OK
r-release-macos-x86_64 0.3.4 56.00 OK
r-release-windows-x86_64 0.3.4 13.00 90.00 103.00 OK
r-oldrel-macos-arm64 0.3.4 49.00 OK
r-oldrel-windows-x86_64 0.3.4 12.00 89.00 101.00 OK

Check Details

Version: 0.3.4
Check: Rd files
Result: NOTE checkRd: (-1) f.influence.Rd:25: Lost braces; missing escapes or markup? 25 | where F is the field of influence, k is order of influence, l_{ij} is the ith row and jth column element of the Leontief Inverse and -s indicates the sth element has been removed. | ^ Flavors: r-devel-linux-x86_64-debian-clang, r-devel-linux-x86_64-debian-gcc, r-devel-linux-x86_64-fedora-clang, r-devel-linux-x86_64-fedora-gcc