CRAN Package Check Results for Package io

Last updated on 2020-08-13 15:51:09 CEST.

Flavor Version Tinstall Tcheck Ttotal Status Flags
r-devel-linux-x86_64-debian-clang 0.3.2 4.16 31.96 36.12 OK
r-devel-linux-x86_64-debian-gcc 0.3.2 3.16 25.16 28.32 OK
r-devel-linux-x86_64-fedora-clang 0.3.2 50.64 OK
r-devel-linux-x86_64-fedora-gcc 0.3.2 41.97 OK
r-devel-windows-ix86+x86_64 0.3.2 10.00 49.00 59.00 OK
r-patched-linux-x86_64 0.3.2 3.92 31.88 35.80 OK
r-patched-solaris-x86 0.3.2 66.80 OK
r-release-linux-x86_64 0.3.2 3.77 31.85 35.62 OK
r-release-macos-x86_64 0.3.2 OK
r-release-windows-ix86+x86_64 0.3.2 9.00 68.00 77.00 WARN
r-oldrel-macos-x86_64 0.3.2 OK
r-oldrel-windows-ix86+x86_64 0.3.2 4.00 40.00 44.00 OK

Check Details

Version: 0.3.2
Check: for unstated dependencies in ‘tests’
Result: WARN
    Warning: unable to access index for repository https://CRAN.R-project.org/src/contrib:
     cannot open URL 'https://CRAN.R-project.org/src/contrib/PACKAGES'
Flavor: r-release-windows-ix86+x86_64