CRAN Package Check Results for Package invGauss

Last updated on 2020-06-06 03:48:30 CEST.

Flavor Version Tinstall Tcheck Ttotal Status Flags
r-devel-linux-x86_64-debian-clang 1.1 8.89 58.45 67.34 NOTE
r-devel-linux-x86_64-debian-gcc 1.1 6.21 45.62 51.83 NOTE
r-devel-linux-x86_64-fedora-clang 1.1 89.37 NOTE
r-devel-linux-x86_64-fedora-gcc 1.1 80.11 NOTE
r-devel-windows-ix86+x86_64 1.1 19.00 66.00 85.00 NOTE
r-patched-linux-x86_64 1.1 8.18 58.09 66.27 NOTE
r-patched-solaris-x86 1.1 120.10 NOTE
r-release-linux-x86_64 1.1 7.79 58.47 66.26 NOTE
r-release-osx-x86_64 1.1 NOTE
r-release-windows-ix86+x86_64 1.1 22.00 88.00 110.00 NOTE
r-oldrel-osx-x86_64 1.1 NOTE
r-oldrel-windows-ix86+x86_64 1.1 16.00 62.00 78.00 NOTE

Check Details

Version: 1.1
Check: DESCRIPTION meta-information
Result: NOTE
    Malformed Title field: should not end in a period.
Flavors: r-devel-linux-x86_64-debian-clang, r-devel-linux-x86_64-debian-gcc, r-devel-linux-x86_64-fedora-clang, r-devel-linux-x86_64-fedora-gcc, r-devel-windows-ix86+x86_64, r-patched-linux-x86_64, r-patched-solaris-x86, r-release-linux-x86_64, r-release-osx-x86_64, r-release-windows-ix86+x86_64, r-oldrel-osx-x86_64, r-oldrel-windows-ix86+x86_64

Version: 1.1
Check: R code for possible problems
Result: NOTE
    f.B: no visible global function definition for 'pnorm'
    f.B.neglog.deriv: no visible global function definition for 'pnorm'
    f.B.neglog.deriv: no visible global function definition for 'dnorm'
    f.grovest3 : f.est: no visible global function definition for 'survfit'
    f.grovest3 : f.est: no visible global function definition for 'lines'
    f.grovest3: no visible global function definition for 'model.frame'
    f.grovest3: no visible global function definition for 'model.extract'
    invGauss: no visible global function definition for 'model.frame'
    invGauss: no visible global function definition for 'model.extract'
    invGauss: no visible global function definition for 'model.matrix'
    predict.invGauss: no visible global function definition for
     'model.frame'
    predict.invGauss: no visible global function definition for
     'model.extract'
    predict.invGauss: no visible global function definition for
     'model.matrix'
    predict.invGauss: no visible binding for global variable 'formula'
    predict.invGauss: no visible binding for global variable 'data'
    summary.invGauss: no visible global function definition for 'pnorm'
    Undefined global functions or variables:
     data dnorm formula lines model.extract model.frame model.matrix pnorm
     survfit
    Consider adding
     importFrom("graphics", "lines")
     importFrom("stats", "dnorm", "formula", "model.extract", "model.frame",
     "model.matrix", "pnorm")
     importFrom("utils", "data")
    to your NAMESPACE file.
Flavors: r-devel-linux-x86_64-debian-clang, r-devel-linux-x86_64-debian-gcc, r-devel-linux-x86_64-fedora-clang, r-devel-linux-x86_64-fedora-gcc, r-devel-windows-ix86+x86_64, r-patched-linux-x86_64, r-patched-solaris-x86, r-release-linux-x86_64, r-release-osx-x86_64, r-release-windows-ix86+x86_64

Version: 1.1
Check: R code for possible problems
Result: NOTE
    f.B: no visible global function definition for ‘pnorm’
    f.B.neglog.deriv: no visible global function definition for ‘pnorm’
    f.B.neglog.deriv: no visible global function definition for ‘dnorm’
    f.grovest3 : f.est: no visible global function definition for ‘survfit’
    f.grovest3 : f.est: no visible global function definition for ‘plot’
    f.grovest3 : f.est: no visible global function definition for ‘lines’
    f.grovest3: no visible global function definition for ‘model.frame’
    f.grovest3: no visible global function definition for ‘model.extract’
    invGauss: no visible global function definition for ‘model.frame’
    invGauss: no visible global function definition for ‘model.extract’
    invGauss: no visible global function definition for ‘model.matrix’
    predict.invGauss: no visible global function definition for
     ‘model.frame’
    predict.invGauss: no visible global function definition for
     ‘model.extract’
    predict.invGauss: no visible global function definition for
     ‘model.matrix’
    predict.invGauss: no visible binding for global variable ‘formula’
    predict.invGauss: no visible binding for global variable ‘data’
    summary.invGauss: no visible global function definition for ‘pnorm’
    Undefined global functions or variables:
     data dnorm formula lines model.extract model.frame model.matrix plot
     pnorm survfit
    Consider adding
     importFrom("graphics", "lines", "plot")
     importFrom("stats", "dnorm", "formula", "model.extract", "model.frame",
     "model.matrix", "pnorm")
     importFrom("utils", "data")
    to your NAMESPACE file.
Flavors: r-oldrel-osx-x86_64, r-oldrel-windows-ix86+x86_64