Last updated on 2023-11-29 04:57:24 CET.
Flavor | Version | Tinstall | Tcheck | Ttotal | Status | Flags |
---|---|---|---|---|---|---|
r-devel-linux-x86_64-debian-clang | 0.2.2 | 240.14 | 59.61 | 299.75 | NOTE | |
r-devel-linux-x86_64-debian-gcc | 0.2.2 | 166.57 | 44.56 | 211.13 | NOTE | |
r-devel-linux-x86_64-fedora-clang | 0.2.2 | 412.56 | NOTE | |||
r-devel-linux-x86_64-fedora-gcc | 0.2.2 | 426.50 | NOTE | |||
r-devel-windows-x86_64 | 0.2.2 | 154.00 | 96.00 | 250.00 | NOTE | |
r-patched-linux-x86_64 | 0.2.2 | 198.00 | 57.44 | 255.44 | NOTE | |
r-release-linux-x86_64 | 0.2.2 | 188.77 | 56.83 | 245.60 | NOTE | |
r-release-macos-arm64 | 0.2.2 | 96.00 | NOTE | |||
r-release-macos-x86_64 | 0.2.2 | 173.00 | NOTE | |||
r-release-windows-x86_64 | 0.2.2 | 208.00 | 107.00 | 315.00 | NOTE | |
r-oldrel-macos-arm64 | 0.2.2 | 87.00 | NOTE | |||
r-oldrel-macos-x86_64 | 0.2.2 | 114.00 | NOTE | |||
r-oldrel-windows-x86_64 | 0.2.2 | 199.00 | 106.00 | 305.00 | NOTE |
Version: 0.2.2
Check: C++ specification
Result: NOTE
Specified C++11: please drop specification unless essential
Flavors: r-devel-linux-x86_64-debian-clang, r-devel-linux-x86_64-debian-gcc, r-devel-linux-x86_64-fedora-clang, r-devel-linux-x86_64-fedora-gcc, r-devel-windows-x86_64, r-patched-linux-x86_64, r-release-linux-x86_64, r-release-macos-arm64, r-release-macos-x86_64, r-release-windows-x86_64
Version: 0.2.2
Check: Rd files
Result: NOTE
checkRd: (-1) cox_cure_net.Rd:132: Lost braces
132 | \code{surv_lambda} (or code{cure_lambda}) that produces all-zero
| ^
Flavors: r-devel-linux-x86_64-debian-clang, r-devel-linux-x86_64-debian-gcc
Version: 0.2.2
Check: LazyData
Result: NOTE
'LazyData' is specified without a 'data' directory
Flavors: r-devel-linux-x86_64-debian-clang, r-devel-linux-x86_64-debian-gcc, r-devel-linux-x86_64-fedora-clang, r-devel-linux-x86_64-fedora-gcc, r-devel-windows-x86_64, r-patched-linux-x86_64, r-release-linux-x86_64, r-release-macos-arm64, r-release-macos-x86_64, r-release-windows-x86_64, r-oldrel-macos-arm64, r-oldrel-macos-x86_64, r-oldrel-windows-x86_64
Version: 0.2.2
Check: installed package size
Result: NOTE
installed size is 12.0Mb
sub-directories of 1Mb or more:
libs 11.2Mb
Flavors: r-release-macos-arm64, r-release-macos-x86_64, r-oldrel-macos-arm64, r-oldrel-macos-x86_64