CRAN Package Check Results for Package interval

Last updated on 2024-03-03 16:50:00 CET.

Flavor Version Tinstall Tcheck Ttotal Status Flags
r-devel-linux-x86_64-debian-clang 1.1-1.0 11.68 99.09 110.77 NOTE
r-devel-linux-x86_64-debian-gcc 1.1-1.0 7.96 74.55 82.51 NOTE
r-devel-linux-x86_64-fedora-clang 1.1-1.0 136.32 NOTE
r-devel-linux-x86_64-fedora-gcc 1.1-1.0 142.33 NOTE
r-devel-windows-x86_64 1.1-1.0 9.00 110.00 119.00 OK
r-patched-linux-x86_64 1.1-1.0 12.01 97.01 109.02 OK
r-release-linux-x86_64 1.1-1.0 8.70 97.15 105.85 OK
r-release-macos-arm64 1.1-1.0 51.00 OK
r-release-macos-x86_64 1.1-1.0 131.00 OK
r-release-windows-x86_64 1.1-1.0 11.00 123.00 134.00 OK
r-oldrel-macos-arm64 1.1-1.0 45.00 OK
r-oldrel-windows-x86_64 1.1-1.0 11.00 159.00 170.00 OK

Check Details

Version: 1.1-1.0
Check: Rd files
Result: NOTE checkRd: (-1) interval-internal.Rd:40: Lost braces 40 | \item{dqfunc}{function, density of the results of the quantile function, e.g., function(x){dnorm(qnorm(x))} (used for 'general' scores, | ^ Flavors: r-devel-linux-x86_64-debian-clang, r-devel-linux-x86_64-debian-gcc, r-devel-linux-x86_64-fedora-clang, r-devel-linux-x86_64-fedora-gcc