CRAN Package Check Results for Package integr

Last updated on 2020-05-25 15:49:03 CEST.

Flavor Version Tinstall Tcheck Ttotal Status Flags
r-devel-linux-x86_64-debian-clang 1.0.0 7.89 77.15 85.04 OK
r-devel-linux-x86_64-debian-gcc 1.0.0 6.45 58.14 64.59 OK
r-devel-linux-x86_64-fedora-clang 1.0.0 77.55 OK
r-devel-linux-x86_64-fedora-gcc 1.0.0 76.35 OK
r-devel-windows-ix86+x86_64 1.0.0 29.00 80.00 109.00 OK
r-patched-linux-x86_64 1.0.0 7.44 76.08 83.52 OK
r-release-linux-x86_64 1.0.0 8.61 75.36 83.97 OK
r-release-osx-x86_64 1.0.0 OK
r-release-windows-ix86+x86_64 1.0.0 40.00 133.00 173.00 OK
r-oldrel-osx-x86_64 1.0.0 WARN
r-oldrel-windows-ix86+x86_64 1.0.0 15.00 110.00 125.00 OK

Check Details

Version: 1.0.0
Check: re-building of vignette outputs
Result: WARN
    Error(s) in re-building vignettes:
    --- re-building ‘IntGraphTutorial.Rmd’ using rmarkdown
    Warning in engine$weave(file, quiet = quiet, encoding = enc) :
     Pandoc (>= 1.12.3) and/or pandoc-citeproc not available. Falling back to R Markdown v1.
    Loading required package: dplyr
    
    Attaching package: 'dplyr'
    
    The following objects are masked from 'package:stats':
    
     filter, lag
    
    The following objects are masked from 'package:base':
    
     intersect, setdiff, setequal, union
    
    Loading required package: DiagrammeR
    Loading required package: DiagrammeRsvg
    Loading required package: rsvg
    Loading required package: gtools
    PhantomJS not found. You can install it with webshot::install_phantomjs(). If it is installed, please make sure the phantomjs executable can be found via the PATH variable.
    Warning in normalizePath(f2) :
     path[1]="webshot15a63ac4ea79.png": No such file or directory
    Warning in file(con, "rb") :
     cannot open file 'webshot15a63ac4ea79.png': No such file or directory
    Quitting from lines 32-34 (IntGraphTutorial.Rmd)
    Error: processing vignette 'IntGraphTutorial.Rmd' failed with diagnostics:
    cannot open the connection
    --- failed re-building ‘IntGraphTutorial.Rmd’
    
    SUMMARY: processing the following file failed:
     ‘IntGraphTutorial.Rmd’
    
    Error: Vignette re-building failed.
    Execution halted
Flavor: r-oldrel-osx-x86_64