CRAN Package Check Results for Package intcensROC

Last updated on 2020-08-11 03:47:53 CEST.

Flavor Version Tinstall Tcheck Ttotal Status Flags
r-devel-linux-x86_64-debian-clang 0.1.1 63.00 34.77 97.77 OK
r-devel-linux-x86_64-debian-gcc 0.1.1 49.35 29.01 78.36 OK
r-devel-linux-x86_64-fedora-clang 0.1.1 142.22 NOTE
r-devel-linux-x86_64-fedora-gcc 0.1.1 129.77 OK
r-devel-windows-ix86+x86_64 0.1.1 141.00 97.00 238.00 OK
r-patched-linux-x86_64 0.1.1 46.93 36.42 83.35 OK
r-patched-solaris-x86 0.1.1 116.30 OK
r-release-linux-x86_64 0.1.1 55.12 36.94 92.06 OK
r-release-macos-x86_64 0.1.1 NOTE
r-release-windows-ix86+x86_64 0.1.1 143.00 105.00 248.00 OK
r-oldrel-macos-x86_64 0.1.1 NOTE
r-oldrel-windows-ix86+x86_64 0.1.1 93.00 66.00 159.00 OK

Check Details

Version: 0.1.1
Check: installed package size
Result: NOTE
     installed size is 10.9Mb
     sub-directories of 1Mb or more:
     libs 10.7Mb
Flavors: r-devel-linux-x86_64-fedora-clang, r-release-macos-x86_64, r-oldrel-macos-x86_64