CRAN Package Check Results for Package insurancerating

Last updated on 2024-03-05 04:57:40 CET.

Flavor Version Tinstall Tcheck Ttotal Status Flags
r-devel-linux-x86_64-debian-clang 0.7.2 17.73 176.63 194.36 NOTE
r-devel-linux-x86_64-debian-gcc 0.7.2 15.00 135.17 150.17 NOTE
r-devel-linux-x86_64-fedora-clang 0.7.2 242.41 NOTE
r-devel-linux-x86_64-fedora-gcc 0.7.2 232.27 NOTE
r-devel-windows-x86_64 0.7.2 17.00 151.00 168.00 NOTE
r-patched-linux-x86_64 0.7.2 19.18 171.26 190.44 OK
r-release-linux-x86_64 0.7.2 14.04 173.64 187.68 OK
r-release-macos-arm64 0.7.2 71.00 OK
r-release-macos-x86_64 0.7.2 119.00 OK
r-release-windows-x86_64 0.7.2 22.00 182.00 204.00 OK
r-oldrel-macos-arm64 0.7.2 69.00 OK
r-oldrel-windows-x86_64 0.7.2 23.00 189.00 212.00 OK

Check Details

Version: 0.7.2
Check: Rd files
Result: NOTE checkRd: (-1) model_performance.Rd:21: Lost braces in \itemize; meant \describe ? checkRd: (-1) model_performance.Rd:22: Lost braces in \itemize; meant \describe ? checkRd: (-1) model_performance.Rd:23: Lost braces in \itemize; meant \describe ? Flavors: r-devel-linux-x86_64-debian-clang, r-devel-linux-x86_64-debian-gcc, r-devel-linux-x86_64-fedora-clang, r-devel-linux-x86_64-fedora-gcc, r-devel-windows-x86_64