CRAN Package Check Results for Package informR

Last updated on 2020-06-02 03:47:51 CEST.

Flavor Version Tinstall Tcheck Ttotal Status Flags
r-devel-linux-x86_64-debian-clang 1.0-5 5.23 42.47 47.70 NOTE
r-devel-linux-x86_64-debian-gcc 1.0-5 4.58 33.07 37.65 NOTE
r-devel-linux-x86_64-fedora-clang 1.0-5 66.66 NOTE
r-devel-linux-x86_64-fedora-gcc 1.0-5 55.04 NOTE
r-devel-windows-ix86+x86_64 1.0-5 13.00 75.00 88.00 NOTE
r-patched-linux-x86_64 1.0-5 5.94 41.33 47.27 NOTE
r-patched-solaris-x86 1.0-5 84.40 NOTE
r-release-linux-x86_64 1.0-5 6.35 40.81 47.16 NOTE
r-release-osx-x86_64 1.0-5 NOTE
r-release-windows-ix86+x86_64 1.0-5 11.00 78.00 89.00 NOTE
r-oldrel-osx-x86_64 1.0-5 NOTE
r-oldrel-windows-ix86+x86_64 1.0-5 11.00 59.00 70.00 NOTE

Check Details

Version: 1.0-5
Check: R code for possible problems
Result: NOTE
    gen.intercepts: no visible global function definition for 'contr.SAS'
    Undefined global functions or variables:
     contr.SAS
    Consider adding
     importFrom("stats", "contr.SAS")
    to your NAMESPACE file.
Flavors: r-devel-linux-x86_64-debian-clang, r-devel-linux-x86_64-debian-gcc, r-devel-linux-x86_64-fedora-clang, r-devel-linux-x86_64-fedora-gcc, r-devel-windows-ix86+x86_64, r-patched-linux-x86_64, r-patched-solaris-x86, r-release-linux-x86_64, r-release-osx-x86_64, r-release-windows-ix86+x86_64, r-oldrel-osx-x86_64, r-oldrel-windows-ix86+x86_64