Last updated on 2025-01-15 04:48:53 CET.
Flavor | Version | Tinstall | Tcheck | Ttotal | Status | Flags |
---|---|---|---|---|---|---|
r-devel-linux-x86_64-debian-clang | 1.0.8 | 182.65 | 124.84 | 307.49 | OK | |
r-devel-linux-x86_64-debian-gcc | 1.0.8 | 134.29 | 84.65 | 218.94 | OK | |
r-devel-linux-x86_64-fedora-clang | 1.0.8 | 554.75 | OK | |||
r-devel-linux-x86_64-fedora-gcc | 1.0.8 | 598.89 | OK | |||
r-devel-windows-x86_64 | 1.0.8 | 169.00 | 160.00 | 329.00 | OK | |
r-patched-linux-x86_64 | 1.0.8 | 178.73 | 116.67 | 295.40 | OK | |
r-release-linux-x86_64 | 1.0.8 | 180.90 | 117.54 | 298.44 | OK | |
r-release-macos-arm64 | 1.0.8 | 129.00 | NOTE | |||
r-release-macos-x86_64 | 1.0.8 | 289.00 | NOTE | |||
r-release-windows-x86_64 | 1.0.8 | 182.00 | 160.00 | 342.00 | OK | |
r-oldrel-macos-arm64 | 1.0.8 | 129.00 | NOTE | |||
r-oldrel-macos-x86_64 | 1.0.8 | 275.00 | NOTE | |||
r-oldrel-windows-x86_64 | 1.0.8 | 225.00 | 204.00 | 429.00 | OK |
Version: 1.0.8
Check: installed package size
Result: NOTE
installed size is 12.4Mb
sub-directories of 1Mb or more:
libs 11.1Mb
Flavors: r-release-macos-arm64, r-release-macos-x86_64, r-oldrel-macos-arm64, r-oldrel-macos-x86_64