CRAN Package Check Results for Package inferCSN

Last updated on 2024-04-16 16:50:26 CEST.

Flavor Version Tinstall Tcheck Ttotal Status Flags
r-devel-linux-x86_64-debian-clang 1.0.1 284.06 138.15 422.21 OK
r-devel-linux-x86_64-debian-gcc 1.0.1 222.31 100.22 322.53 OK
r-devel-linux-x86_64-fedora-clang 1.0.1 574.35 OK
r-devel-linux-x86_64-fedora-gcc 1.0.1 590.44 OK
r-prerel-macos-arm64 1.0.1 130.00 NOTE
r-prerel-macos-x86_64 1.0.1 203.00 NOTE
r-prerel-windows-x86_64 1.0.1 197.00 141.00 338.00 OK
r-patched-linux-x86_64 1.0.1 181.70 130.48 312.18 OK
r-release-linux-x86_64 1.0.1 200.18 134.13 334.31 OK
r-release-macos-arm64 1.0.1 120.00 NOTE
r-release-macos-x86_64 1.0.1 207.00 NOTE
r-release-windows-x86_64 1.0.1 268.00 176.00 444.00 OK
r-oldrel-macos-arm64 1.0.1 111.00 WARN
r-oldrel-windows-x86_64 1.0.1 249.00 175.00 424.00 WARN

Check Details

Version: 1.0.1
Check: installed package size
Result: NOTE installed size is 11.7Mb sub-directories of 1Mb or more: libs 10.6Mb Flavors: r-prerel-macos-arm64, r-prerel-macos-x86_64, r-release-macos-arm64, r-release-macos-x86_64, r-oldrel-macos-arm64

Version: 1.0.1
Check: S3 generic/method consistency
Result: WARN filter: function(x, filter, method, sides, circular, init) filter.sort.matrix: function(weight_matrix, regulators, targets) See section ‘Generic functions and methods’ in the ‘Writing R Extensions’ manual. Found the following apparent S3 methods exported but not registered: filter.sort.matrix See section ‘Registering S3 methods’ in the ‘Writing R Extensions’ manual. Flavors: r-oldrel-macos-arm64, r-oldrel-windows-x86_64

Version: 1.0.1
Check: Rd \usage sections
Result: NOTE S3 methods shown with full name in documentation object 'filter.sort.matrix': ‘filter.sort.matrix’ The \usage entries for S3 methods should use the \method markup and not their full name. See chapter ‘Writing R documentation files’ in the ‘Writing R Extensions’ manual. Flavors: r-oldrel-macos-arm64, r-oldrel-windows-x86_64