CRAN Package Check Results for Package incgraph

Last updated on 2020-08-11 03:47:53 CEST.

Flavor Version Tinstall Tcheck Ttotal Status Flags
r-devel-linux-x86_64-debian-clang 1.0.1 24.88 51.65 76.53 OK
r-devel-linux-x86_64-debian-gcc 1.0.1 19.22 38.00 57.22 OK
r-devel-linux-x86_64-fedora-clang 1.0.1 105.11 NOTE
r-devel-linux-x86_64-fedora-gcc 1.0.1 90.41 NOTE
r-devel-windows-ix86+x86_64 1.0.1 59.00 131.00 190.00 OK
r-patched-linux-x86_64 1.0.1 19.43 48.65 68.08 OK
r-patched-solaris-x86 1.0.1 112.90 NOTE
r-release-linux-x86_64 1.0.1 18.95 48.81 67.76 OK
r-release-macos-x86_64 1.0.1 NOTE
r-release-windows-ix86+x86_64 1.0.1 74.00 98.00 172.00 OK
r-oldrel-macos-x86_64 1.0.1 NOTE
r-oldrel-windows-ix86+x86_64 1.0.1 46.00 89.00 135.00 OK

Check Details

Version: 1.0.1
Check: dependencies in R code
Result: NOTE
    Namespace in Imports field not imported from: ‘testthat’
     All declared Imports should be used.
Flavors: r-devel-linux-x86_64-fedora-clang, r-devel-linux-x86_64-fedora-gcc, r-patched-solaris-x86, r-release-macos-x86_64, r-oldrel-macos-x86_64