CRAN Package Check Results for Package inaparc

Last updated on 2024-06-15 16:49:05 CEST.

Flavor Version Tinstall Tcheck Ttotal Status Flags
r-devel-linux-x86_64-debian-clang 1.2.0 5.90 53.44 59.34 NOTE
r-devel-linux-x86_64-debian-gcc 1.2.0 3.39 39.11 42.50 NOTE
r-devel-linux-x86_64-fedora-clang 1.2.0 72.25 NOTE
r-devel-linux-x86_64-fedora-gcc 1.2.0 68.93 NOTE
r-devel-windows-x86_64 1.2.0 6.00 75.00 81.00 NOTE
r-patched-linux-x86_64 1.2.0 9.43 50.86 60.29 NOTE
r-release-linux-x86_64 1.2.0 6.59 51.58 58.17 NOTE
r-release-macos-arm64 1.2.0 25.00 NOTE
r-release-macos-x86_64 1.2.0 35.00 NOTE
r-release-windows-x86_64 1.2.0 6.00 76.00 82.00 NOTE
r-oldrel-macos-arm64 1.2.0 28.00 OK
r-oldrel-macos-x86_64 1.2.0 37.00 OK
r-oldrel-windows-x86_64 1.2.0 7.00 79.00 86.00 OK

Check Details

Version: 1.2.0
Check: Rd files
Result: NOTE checkRd: (-1) kmpp.Rd:27: Lost braces 27 | \item{call}{a string containing the matched function call that generates this sQuote{inaparc} object.} | ^ Flavors: r-devel-linux-x86_64-debian-clang, r-devel-linux-x86_64-debian-gcc, r-devel-linux-x86_64-fedora-clang, r-devel-linux-x86_64-fedora-gcc, r-devel-windows-x86_64, r-patched-linux-x86_64, r-release-linux-x86_64, r-release-macos-arm64, r-release-macos-x86_64, r-release-windows-x86_64