Last updated on 2023-12-02 16:49:16 CET.
Flavor | Version | Tinstall | Tcheck | Ttotal | Status | Flags |
---|---|---|---|---|---|---|
r-devel-linux-x86_64-debian-clang | 1.2.0 | 6.67 | 51.75 | 58.42 | NOTE | |
r-devel-linux-x86_64-debian-gcc | 1.2.0 | 4.59 | 39.12 | 43.71 | NOTE | |
r-devel-linux-x86_64-fedora-clang | 1.2.0 | 70.83 | OK | |||
r-devel-linux-x86_64-fedora-gcc | 1.2.0 | 67.90 | OK | |||
r-devel-windows-x86_64 | 1.2.0 | 4.00 | 75.00 | 79.00 | OK | |
r-patched-linux-x86_64 | 1.2.0 | 7.51 | 50.59 | 58.10 | OK | |
r-release-linux-x86_64 | 1.2.0 | 6.44 | 50.19 | 56.63 | OK | |
r-release-macos-arm64 | 1.2.0 | 28.00 | OK | |||
r-release-macos-x86_64 | 1.2.0 | 37.00 | OK | |||
r-release-windows-x86_64 | 1.2.0 | 6.00 | 79.00 | 85.00 | OK | |
r-oldrel-macos-arm64 | 1.2.0 | 24.00 | OK | |||
r-oldrel-macos-x86_64 | 1.2.0 | 32.00 | OK | |||
r-oldrel-windows-x86_64 | 1.2.0 | 9.00 | 83.00 | 92.00 | OK |
Version: 1.2.0
Check: Rd files
Result: NOTE
checkRd: (-1) kmpp.Rd:27: Lost braces
27 | \item{call}{a string containing the matched function call that generates this sQuote{inaparc} object.}
| ^
Flavors: r-devel-linux-x86_64-debian-clang, r-devel-linux-x86_64-debian-gcc