CRAN Package Check Results for Package imputeTestbench

Last updated on 2024-03-03 04:48:38 CET.

Flavor Version Tinstall Tcheck Ttotal Status Flags
r-devel-linux-x86_64-debian-clang 3.0.3 9.75 81.66 91.41 NOTE
r-devel-linux-x86_64-debian-gcc 3.0.3 6.83 61.38 68.21 NOTE
r-devel-linux-x86_64-fedora-clang 3.0.3 110.36 NOTE
r-devel-linux-x86_64-fedora-gcc 3.0.3 103.38 NOTE
r-devel-windows-x86_64 3.0.3 9.00 76.00 85.00 NOTE
r-patched-linux-x86_64 3.0.3 8.49 79.20 87.69 NOTE
r-release-linux-x86_64 3.0.3 5.82 77.89 83.71 NOTE
r-release-macos-arm64 3.0.3 36.00 NOTE
r-release-macos-x86_64 3.0.3 57.00 NOTE
r-release-windows-x86_64 3.0.3 11.00 91.00 102.00 NOTE
r-oldrel-macos-arm64 3.0.3 35.00 NOTE
r-oldrel-windows-x86_64 3.0.3 12.00 94.00 106.00 NOTE

Check Details

Version: 3.0.3
Check: LazyData
Result: NOTE 'LazyData' is specified without a 'data' directory Flavors: r-devel-linux-x86_64-debian-clang, r-devel-linux-x86_64-debian-gcc, r-devel-linux-x86_64-fedora-clang, r-devel-linux-x86_64-fedora-gcc, r-devel-windows-x86_64, r-patched-linux-x86_64, r-release-linux-x86_64, r-release-macos-arm64, r-release-macos-x86_64, r-release-windows-x86_64, r-oldrel-macos-arm64, r-oldrel-windows-x86_64