Last updated on 2023-12-04 05:09:08 CET.
Flavor | Version | Tinstall | Tcheck | Ttotal | Status | Flags |
---|---|---|---|---|---|---|
r-devel-linux-x86_64-debian-clang | 0.4.0 | 6.81 | 71.18 | 77.99 | NOTE | |
r-devel-linux-x86_64-debian-gcc | 0.4.0 | 5.74 | 53.04 | 58.78 | NOTE | |
r-devel-linux-x86_64-fedora-clang | 0.4.0 | 96.54 | OK | |||
r-devel-linux-x86_64-fedora-gcc | 0.4.0 | 92.67 | OK | |||
r-devel-windows-x86_64 | 0.4.0 | 7.00 | 67.00 | 74.00 | OK | |
r-patched-linux-x86_64 | 0.4.0 | 5.04 | 65.88 | 70.92 | OK | |
r-release-linux-x86_64 | 0.4.0 | 6.02 | 67.04 | 73.06 | OK | |
r-release-macos-arm64 | 0.4.0 | 33.00 | OK | |||
r-release-macos-x86_64 | 0.4.0 | 48.00 | OK | |||
r-release-windows-x86_64 | 0.4.0 | 9.00 | 79.00 | 88.00 | OK | |
r-oldrel-macos-arm64 | 0.4.0 | 25.00 | OK | |||
r-oldrel-macos-x86_64 | 0.4.0 | 48.00 | OK | |||
r-oldrel-windows-x86_64 | 0.4.0 | 10.00 | 88.00 | 98.00 | OK |
Version: 0.4.0
Check: Rd files
Result: NOTE
checkRd: (-1) impala_unnest.Rd:22-25: Lost braces
22 | \describe{\code{impala_unnest()}}{ unnests a
| ^
Flavors: r-devel-linux-x86_64-debian-clang, r-devel-linux-x86_64-debian-gcc