CRAN Package Check Results for Package immunarch

Last updated on 2023-12-08 05:02:06 CET.

Flavor Version Tinstall Tcheck Ttotal Status Flags
r-devel-linux-x86_64-debian-clang 0.9.0 2.14 2.14 ERROR
r-devel-linux-x86_64-debian-gcc 0.9.0 1.80 1.80 ERROR
r-devel-linux-x86_64-fedora-clang 0.9.0 2.57 ERROR
r-devel-linux-x86_64-fedora-gcc 0.9.0 2.46 ERROR
r-devel-windows-x86_64 0.9.0 63.00 327.00 390.00 NOTE
r-patched-linux-x86_64 0.9.0 2.01 2.01 ERROR
r-release-linux-x86_64 0.9.0 2.24 2.24 ERROR
r-release-macos-arm64 0.9.0 192.00 NOTE
r-release-macos-x86_64 0.9.0 214.00 NOTE
r-release-windows-x86_64 0.9.0 66.00 433.00 499.00 NOTE
r-oldrel-macos-arm64 0.9.0 172.00 NOTE
r-oldrel-macos-x86_64 0.9.0 209.00 NOTE
r-oldrel-windows-x86_64 0.9.0 74.00 424.00 498.00 NOTE

Check Details

Version: 0.9.0
Check: package dependencies
Result: ERROR Package required but not available: ‘ggseqlogo’ See section ‘The DESCRIPTION file’ in the ‘Writing R Extensions’ manual. Flavors: r-devel-linux-x86_64-debian-clang, r-devel-linux-x86_64-debian-gcc, r-devel-linux-x86_64-fedora-gcc, r-patched-linux-x86_64, r-release-linux-x86_64

Version: 0.9.0
Check: package dependencies
Result: ERROR Package required but not available: ‘ggseqlogo’ Imports includes 38 non-default packages. Importing from so many packages makes the package vulnerable to any of them becoming unavailable. Move as many as possible to Suggests and use conditionally. See section ‘The DESCRIPTION file’ in the ‘Writing R Extensions’ manual. Flavor: r-devel-linux-x86_64-fedora-clang

Version: 0.9.0
Check: installed package size
Result: NOTE installed size is 7.5Mb sub-directories of 1Mb or more: data 3.3Mb doc 1.6Mb libs 1.0Mb Flavors: r-devel-windows-x86_64, r-release-macos-arm64, r-release-macos-x86_64, r-release-windows-x86_64, r-oldrel-macos-arm64, r-oldrel-macos-x86_64, r-oldrel-windows-x86_64