CRAN Package Check Results for Package imgrec

Last updated on 2024-02-25 04:51:08 CET.

Flavor Version Tinstall Tcheck Ttotal Status Flags
r-devel-linux-x86_64-debian-clang 0.1.3 5.30 47.70 53.00 OK
r-devel-linux-x86_64-debian-gcc 0.1.3 4.64 36.70 41.34 OK
r-devel-linux-x86_64-fedora-clang 0.1.3 70.05 NOTE
r-devel-linux-x86_64-fedora-gcc 0.1.3 81.43 NOTE
r-devel-windows-x86_64 0.1.3 6.00 56.00 62.00 OK
r-patched-linux-x86_64 0.1.3 4.22 45.87 50.09 OK
r-release-linux-x86_64 0.1.3 5.89 45.89 51.78 OK
r-release-macos-arm64 0.1.3 33.00 OK
r-release-macos-x86_64 0.1.3 48.00 OK
r-release-windows-x86_64 0.1.3 8.00 61.00 69.00 OK
r-oldrel-macos-arm64 0.1.3 26.00 NOTE
r-oldrel-windows-x86_64 0.1.3 8.00 66.00 74.00 OK

Check Details

Version: 0.1.3
Check: dependencies in R code
Result: NOTE Namespace in Imports field not imported from: ‘knitr’ All declared Imports should be used. Flavors: r-devel-linux-x86_64-fedora-clang, r-devel-linux-x86_64-fedora-gcc, r-oldrel-macos-arm64