CRAN Package Check Results for Package imabc

Last updated on 2023-12-09 16:49:21 CET.

Flavor Version Tinstall Tcheck Ttotal Status Flags
r-devel-linux-x86_64-debian-clang 1.0.0 8.06 48.42 56.48 NOTE
r-devel-linux-x86_64-debian-gcc 1.0.0 4.82 35.90 40.72 NOTE
r-devel-linux-x86_64-fedora-clang 1.0.0 68.99 OK
r-devel-linux-x86_64-fedora-gcc 1.0.0 65.29 OK
r-devel-windows-x86_64 1.0.0 7.00 59.00 66.00 OK
r-patched-linux-x86_64 1.0.0 4.79 46.83 51.62 OK
r-release-linux-x86_64 1.0.0 6.40 45.78 52.18 OK
r-release-macos-arm64 1.0.0 24.00 OK
r-release-macos-x86_64 1.0.0 34.00 OK
r-release-windows-x86_64 1.0.0 8.00 63.00 71.00 OK
r-oldrel-macos-arm64 1.0.0 23.00 OK
r-oldrel-macos-x86_64 1.0.0 30.00 OK
r-oldrel-windows-x86_64 1.0.0 8.00 67.00 75.00 OK

Check Details

Version: 1.0.0
Check: Rd files
Result: NOTE checkRd: (-1) define_target_function.Rd:41: Lost braces; missing escapes or markup? 41 | be done either as a single vector of values (e.g. `function(x) { ... }`), or individual inputs for each parameter | ^ checkRd: (-1) define_target_function.Rd:42: Lost braces; missing escapes or markup? 42 | (e.g. `function(x1, x2) { ... }`). If a single vector is used, all parameters will be passed to the target function as | ^ Flavors: r-devel-linux-x86_64-debian-clang, r-devel-linux-x86_64-debian-gcc