CRAN Package Check Results for Package igraph

Last updated on 2020-07-14 16:47:54 CEST.

Flavor Version Tinstall Tcheck Ttotal Status Flags
r-devel-linux-x86_64-debian-clang 1.2.5 245.85 275.23 521.08 OK
r-devel-linux-x86_64-debian-gcc 1.2.5 183.28 209.85 393.13 OK
r-devel-linux-x86_64-fedora-clang 1.2.5 698.57 NOTE
r-devel-linux-x86_64-fedora-gcc 1.2.5 646.35 OK
r-devel-windows-ix86+x86_64 1.2.5 799.00 820.00 1619.00 NOTE
r-patched-linux-x86_64 1.2.5 204.00 272.23 476.23 OK
r-patched-solaris-x86 1.2.5 944.80 NOTE
r-release-linux-x86_64 1.2.5 192.52 275.16 467.68 OK
r-release-macos-x86_64 1.2.5 ERROR
r-release-windows-ix86+x86_64 1.2.5 756.00 763.00 1519.00 NOTE
r-oldrel-macos-x86_64 1.2.5 NOTE
r-oldrel-windows-ix86+x86_64 1.2.5 808.00 707.00 1515.00 NOTE

Check Details

Version: 1.2.5
Check: installed package size
Result: NOTE
     installed size is 17.4Mb
     sub-directories of 1Mb or more:
     R 1.4Mb
     help 1.1Mb
     libs 14.4Mb
Flavors: r-devel-linux-x86_64-fedora-clang, r-devel-windows-ix86+x86_64, r-patched-solaris-x86, r-release-windows-ix86+x86_64, r-oldrel-macos-x86_64, r-oldrel-windows-ix86+x86_64

Version: 1.2.5
Check: whether package can be installed
Result: ERROR
    Installation failed.
Flavor: r-release-macos-x86_64

Version: 1.2.5
Check: dependencies in R code
Result: NOTE
    No protocol specified
    No protocol specified
Flavor: r-oldrel-macos-x86_64