CRAN Package Check Results for Package idiogramFISH

Last updated on 2024-03-05 04:57:40 CET.

Flavor Version Tinstall Tcheck Ttotal Status Flags
r-devel-linux-x86_64-debian-clang 2.0.13 34.73 166.36 201.09 NOTE
r-devel-linux-x86_64-debian-gcc 2.0.13 32.57 119.59 152.16 OK
r-devel-linux-x86_64-fedora-clang 2.0.13 267.50 OK
r-devel-linux-x86_64-fedora-gcc 2.0.13 268.19 OK
r-devel-windows-x86_64 2.0.13 33.00 119.00 152.00 OK
r-patched-linux-x86_64 2.0.13 30.00 159.36 189.36 OK
r-release-linux-x86_64 2.0.13 24.15 159.47 183.62 OK
r-release-macos-arm64 2.0.13 62.00 OK
r-release-macos-x86_64 2.0.13 160.00 OK
r-release-windows-x86_64 2.0.13 44.00 150.00 194.00 OK
r-oldrel-macos-arm64 2.0.13 58.00 OK
r-oldrel-windows-x86_64 2.0.13 45.00 142.00 187.00 OK

Check Details

Version: 2.0.13
Check: package dependencies
Result: NOTE Package suggested but not available for checking: ‘ggtree’ Flavor: r-devel-linux-x86_64-debian-clang