CRAN Package Check Results for Package idbg

Last updated on 2020-06-02 03:47:51 CEST.

Flavor Version Tinstall Tcheck Ttotal Status Flags
r-devel-linux-x86_64-debian-clang 1.0 2.53 20.40 22.93 NOTE
r-devel-linux-x86_64-debian-gcc 1.0 1.91 16.00 17.91 NOTE
r-devel-linux-x86_64-fedora-clang 1.0 35.60 NOTE
r-devel-linux-x86_64-fedora-gcc 1.0 27.14 NOTE
r-devel-windows-ix86+x86_64 1.0 6.00 28.00 34.00 NOTE
r-patched-linux-x86_64 1.0 2.37 20.23 22.60 NOTE
r-patched-solaris-x86 1.0 40.20 NOTE
r-release-linux-x86_64 1.0 2.15 20.42 22.57 NOTE
r-release-osx-x86_64 1.0 NOTE
r-release-windows-ix86+x86_64 1.0 5.00 32.00 37.00 NOTE
r-oldrel-osx-x86_64 1.0 NOTE
r-oldrel-windows-ix86+x86_64 1.0 4.00 39.00 43.00 NOTE

Check Details

Version: 1.0
Check: DESCRIPTION meta-information
Result: NOTE
    Malformed Description field: should contain one or more complete sentences.
Flavors: r-devel-linux-x86_64-debian-clang, r-devel-linux-x86_64-debian-gcc, r-devel-linux-x86_64-fedora-clang, r-devel-linux-x86_64-fedora-gcc, r-devel-windows-ix86+x86_64, r-patched-linux-x86_64, r-patched-solaris-x86, r-release-linux-x86_64, r-release-osx-x86_64, r-release-windows-ix86+x86_64, r-oldrel-osx-x86_64, r-oldrel-windows-ix86+x86_64

Version: 1.0
Check: R code for possible problems
Result: NOTE
    NB: .First.lib is obsolete and will not be used in R >= 3.0.0
    
    idbg.interact: no visible global function definition for
     'capture.output'
    idbg.interact: no visible global function definition for 'timestamp'
    idbg.print_breakpoints: no visible global function definition for
     'capture.output'
    Undefined global functions or variables:
     capture.output timestamp
    Consider adding
     importFrom("utils", "capture.output", "timestamp")
    to your NAMESPACE file.
Flavors: r-devel-linux-x86_64-debian-clang, r-devel-linux-x86_64-debian-gcc, r-devel-linux-x86_64-fedora-clang, r-devel-linux-x86_64-fedora-gcc, r-devel-windows-ix86+x86_64, r-patched-linux-x86_64, r-patched-solaris-x86, r-release-linux-x86_64, r-release-osx-x86_64, r-release-windows-ix86+x86_64, r-oldrel-osx-x86_64, r-oldrel-windows-ix86+x86_64