CRAN Package Check Results for Package icosa

Last updated on 2020-08-13 15:51:08 CEST.

Flavor Version Tinstall Tcheck Ttotal Status Flags
r-devel-linux-x86_64-debian-clang 0.10.0 50.00 167.30 217.30 OK
r-devel-linux-x86_64-debian-gcc 0.10.0 38.39 128.58 166.97 OK
r-devel-linux-x86_64-fedora-clang 0.10.0 284.85 OK
r-devel-linux-x86_64-fedora-gcc 0.10.0 272.14 OK
r-devel-windows-ix86+x86_64 0.10.0 128.00 189.00 317.00 OK --no-vignettes
r-patched-linux-x86_64 0.10.0 43.30 166.50 209.80 OK
r-patched-solaris-x86 0.10.0 294.20 OK
r-release-linux-x86_64 0.10.0 46.34 164.02 210.36 OK
r-release-macos-x86_64 0.10.0 OK
r-release-windows-ix86+x86_64 0.10.0 123.00 153.00 276.00 OK --no-vignettes
r-oldrel-macos-x86_64 0.10.0 WARN
r-oldrel-windows-ix86+x86_64 0.10.0 85.00 208.00 293.00 OK --no-vignettes

Check Details

Version: 0.10.0
Check: whether package can be installed
Result: WARN
    Found the following significant warnings:
     Warning: 'rgl_init' failed, running with rgl.useNULL = TRUE
Flavor: r-oldrel-macos-x86_64

Version: 0.10.0
Check: dependencies in R code
Result: NOTE
    No protocol specified
Flavor: r-oldrel-macos-x86_64

Version: 0.10.0
Check: S3 generic/method consistency
Result: WARN
    No protocol specified
    See section ‘Generic functions and methods’ in the ‘Writing R
    Extensions’ manual.
Flavor: r-oldrel-macos-x86_64

Version: 0.10.0
Check: replacement functions
Result: WARN
    No protocol specified
    The argument of a replacement function which corresponds to the right
    hand side must be named ‘value’.
Flavor: r-oldrel-macos-x86_64

Version: 0.10.0
Check: foreign function calls
Result: NOTE
    No protocol specified
    See chapter ‘System and foreign language interfaces’ in the ‘Writing R
    Extensions’ manual.
Flavor: r-oldrel-macos-x86_64

Version: 0.10.0
Check: R code for possible problems
Result: NOTE
    No protocol specified
Flavor: r-oldrel-macos-x86_64

Version: 0.10.0
Check: for missing documentation entries
Result: WARN
    No protocol specified
    All user-level objects in a package should have documentation entries.
    See chapter ‘Writing R documentation files’ in the ‘Writing R
    Extensions’ manual.
Flavor: r-oldrel-macos-x86_64

Version: 0.10.0
Check: for code/documentation mismatches
Result: WARN
    No protocol specified
    No protocol specified
    No protocol specified
Flavor: r-oldrel-macos-x86_64

Version: 0.10.0
Check: Rd \usage sections
Result: NOTE
    No protocol specified
    The \usage entries for S3 methods should use the \method markup and not
    their full name.
    See chapter ‘Writing R documentation files’ in the ‘Writing R
    Extensions’ manual.
Flavor: r-oldrel-macos-x86_64