Last updated on 2023-12-10 16:51:16 CET.
Flavor | Version | Tinstall | Tcheck | Ttotal | Status | Flags |
---|---|---|---|---|---|---|
r-devel-linux-x86_64-debian-clang | 0.0.3 | 1.86 | 23.79 | 25.65 | OK | |
r-devel-linux-x86_64-debian-gcc | 0.0.3 | 2.07 | 18.87 | 20.94 | OK | |
r-devel-linux-x86_64-fedora-clang | 0.0.3 | 34.09 | NOTE | |||
r-devel-linux-x86_64-fedora-gcc | 0.0.3 | 31.97 | NOTE | |||
r-devel-windows-x86_64 | 0.0.3 | 5.00 | 44.00 | 49.00 | OK | |
r-patched-linux-x86_64 | 0.0.3 | 2.19 | 23.60 | 25.79 | OK | |
r-release-linux-x86_64 | 0.0.3 | 2.40 | 23.41 | 25.81 | OK | |
r-release-macos-arm64 | 0.0.3 | 18.00 | OK | |||
r-release-macos-x86_64 | 0.0.3 | 21.00 | OK | |||
r-release-windows-x86_64 | 0.0.3 | 5.00 | 44.00 | 49.00 | OK | |
r-oldrel-macos-arm64 | 0.0.3 | 18.00 | NOTE | |||
r-oldrel-macos-x86_64 | 0.0.3 | 24.00 | NOTE | |||
r-oldrel-windows-x86_64 | 0.0.3 | 5.00 | 48.00 | 53.00 | OK |
Version: 0.0.3
Check: dependencies in R code
Result: NOTE
Namespaces in Imports field not imported from:
‘digest’ ‘purrr’ ‘tidyverse’
All declared Imports should be used.
Flavors: r-devel-linux-x86_64-fedora-clang, r-devel-linux-x86_64-fedora-gcc, r-oldrel-macos-arm64, r-oldrel-macos-x86_64