CRAN Package Check Results for Package icd

Last updated on 2020-08-10 06:47:30 CEST.

Flavor Version Tinstall Tcheck Ttotal Status Flags
r-devel-linux-x86_64-debian-clang 4.0.9 241.94 164.44 406.38 OK
r-devel-linux-x86_64-debian-gcc 4.0.9 183.14 131.76 314.90 OK
r-devel-linux-x86_64-fedora-clang 4.0.9 556.96 NOTE
r-devel-linux-x86_64-fedora-gcc 4.0.9 505.51 NOTE
r-devel-windows-ix86+x86_64 4.0.9 602.00 303.00 905.00 NOTE
r-patched-linux-x86_64 4.0.9 186.80 160.00 346.80 OK
r-patched-solaris-x86 4.0.9 522.60 NOTE
r-release-linux-x86_64 4.0.9 192.37 162.20 354.57 OK
r-release-macos-x86_64 4.0.9 NOTE
r-release-windows-ix86+x86_64 4.0.9 582.00 261.00 843.00 NOTE
r-oldrel-macos-x86_64 4.0.9 NOTE
r-oldrel-windows-ix86+x86_64 4.0.9 385.00 255.00 640.00 NOTE

Check Details

Version: 4.0.9
Check: installed package size
Result: NOTE
     installed size is 13.0Mb
     sub-directories of 1Mb or more:
     R 1.8Mb
     data 1.4Mb
     libs 8.6Mb
Flavors: r-devel-linux-x86_64-fedora-clang, r-devel-windows-ix86+x86_64, r-patched-solaris-x86, r-release-macos-x86_64, r-release-windows-ix86+x86_64, r-oldrel-macos-x86_64, r-oldrel-windows-ix86+x86_64

Version: 4.0.9
Check: data for non-ASCII characters
Result: NOTE
     Note: found 20 marked UTF-8 strings
Flavors: r-devel-linux-x86_64-fedora-clang, r-devel-linux-x86_64-fedora-gcc, r-patched-solaris-x86, r-release-macos-x86_64, r-oldrel-macos-x86_64