Last updated on 2023-12-10 16:51:15 CET.
Flavor | Version | Tinstall | Tcheck | Ttotal | Status | Flags |
---|---|---|---|---|---|---|
r-devel-linux-x86_64-debian-clang | 1.5 | 9.69 | 87.99 | 97.68 | NOTE | |
r-devel-linux-x86_64-debian-gcc | 1.5 | 8.21 | 66.12 | 74.33 | NOTE | |
r-devel-linux-x86_64-fedora-clang | 1.5 | 125.87 | NOTE | |||
r-devel-linux-x86_64-fedora-gcc | 1.5 | 120.67 | NOTE | |||
r-devel-windows-x86_64 | 1.5 | 10.00 | 90.00 | 100.00 | NOTE | |
r-patched-linux-x86_64 | 1.5 | 8.04 | 85.21 | 93.25 | OK | |
r-release-linux-x86_64 | 1.5 | 8.86 | 85.74 | 94.60 | OK | |
r-release-macos-arm64 | 1.5 | 49.00 | OK | |||
r-release-macos-x86_64 | 1.5 | 78.00 | OK | |||
r-release-windows-x86_64 | 1.5 | 12.00 | 102.00 | 114.00 | OK | |
r-oldrel-macos-arm64 | 1.5 | 67.00 | OK | |||
r-oldrel-macos-x86_64 | 1.5 | 124.00 | OK | |||
r-oldrel-windows-x86_64 | 1.5 | 13.00 | 106.00 | 119.00 | OK |
Version: 1.5
Check: Rd \usage sections
Result: NOTE
Objects in \usage without \alias in Rd file 'btibgen.Rd':
‘ibdgen’
Functions with \usage entries need to have the appropriate \alias
entries, and all their arguments documented.
The \usage entries must correspond to syntactically valid R code.
See chapter ‘Writing R documentation files’ in the ‘Writing R
Extensions’ manual.
Flavors: r-devel-linux-x86_64-debian-clang, r-devel-linux-x86_64-debian-gcc, r-devel-linux-x86_64-fedora-clang, r-devel-linux-x86_64-fedora-gcc, r-devel-windows-x86_64