Last updated on 2023-12-02 16:49:16 CET.
Flavor | Version | Tinstall | Tcheck | Ttotal | Status | Flags |
---|---|---|---|---|---|---|
r-devel-linux-x86_64-debian-clang | 0.0.2 | 3.23 | 31.20 | 34.43 | OK | |
r-devel-linux-x86_64-debian-gcc | 0.0.2 | 2.40 | 24.58 | 26.98 | OK | |
r-devel-linux-x86_64-fedora-clang | 0.0.2 | 44.07 | NOTE | |||
r-devel-linux-x86_64-fedora-gcc | 0.0.2 | 42.08 | NOTE | |||
r-devel-windows-x86_64 | 0.0.2 | 5.00 | 56.00 | 61.00 | OK | |
r-patched-linux-x86_64 | 0.0.2 | 3.24 | 30.93 | 34.17 | OK | |
r-release-linux-x86_64 | 0.0.2 | 2.99 | 31.05 | 34.04 | OK | |
r-release-macos-arm64 | 0.0.2 | 25.00 | OK | |||
r-release-macos-x86_64 | 0.0.2 | 26.00 | OK | |||
r-release-windows-x86_64 | 0.0.2 | 6.00 | 50.00 | 56.00 | OK | |
r-oldrel-macos-arm64 | 0.0.2 | 19.00 | NOTE | |||
r-oldrel-macos-x86_64 | 0.0.2 | 30.00 | NOTE | |||
r-oldrel-windows-x86_64 | 0.0.2 | 6.00 | 59.00 | 65.00 | OK |
Version: 0.0.2
Check: data for non-ASCII characters
Result: NOTE
Note: found 359 marked UTF-8 strings
Flavors: r-devel-linux-x86_64-fedora-clang, r-devel-linux-x86_64-fedora-gcc, r-oldrel-macos-arm64, r-oldrel-macos-x86_64