CRAN Package Check Results for Package ibawds

Last updated on 2021-12-08 03:58:22 CET.

Flavor Version Tinstall Tcheck Ttotal Status Flags
r-devel-linux-x86_64-debian-clang 0.2.0 5.19 60.73 65.92 OK
r-devel-linux-x86_64-debian-gcc 0.2.0 4.35 46.16 50.51 OK
r-devel-linux-x86_64-fedora-clang 0.2.0 86.29 NOTE
r-devel-linux-x86_64-fedora-gcc 0.2.0 66.75 NOTE
r-devel-windows-x86_64-new-UL 0.2.0 13.00 96.00 109.00 WARN
r-devel-windows-x86_64-new-TK 0.2.0 WARN
r-devel-windows-x86_64-old 0.2.0 10.00 78.00 88.00 WARN
r-patched-linux-x86_64 0.2.0 12.21 57.25 69.46 OK
r-release-linux-x86_64 0.2.0 4.89 57.92 62.81 OK
r-release-macos-arm64 0.2.0 NOTE
r-release-macos-x86_64 0.2.0 NOTE
r-release-windows-ix86+x86_64 0.2.0 11.00 76.00 87.00 OK
r-oldrel-macos-x86_64 0.2.0 NOTE
r-oldrel-windows-ix86+x86_64 0.2.0 14.00 74.00 88.00 WARN

Check Details

Version: 0.2.0
Check: Rd cross-references
Result: NOTE
    Undeclared package ‘knitr’ in Rd xrefs
Flavor: r-devel-linux-x86_64-fedora-clang

Version: 0.2.0
Check: data for non-ASCII characters
Result: NOTE
     Note: found 1 marked UTF-8 string
Flavors: r-devel-linux-x86_64-fedora-clang, r-devel-linux-x86_64-fedora-gcc, r-devel-windows-x86_64-new-TK, r-release-macos-arm64, r-release-macos-x86_64, r-oldrel-macos-x86_64

Version: 0.2.0
Check: R files for syntax errors
Result: WARN
    Warning in file 'R/grading_tables.R':
     unable to translate 'Erf<U+00FC>llt' to native encoding
Flavors: r-devel-windows-x86_64-new-UL, r-devel-windows-x86_64-new-TK, r-devel-windows-x86_64-old, r-oldrel-windows-ix86+x86_64