CRAN Package Check Results for Package hypervolume

Last updated on 2024-03-05 04:57:40 CET.

Flavor Version Tinstall Tcheck Ttotal Status Flags
r-devel-linux-x86_64-debian-clang 3.1.3 89.59 305.97 395.56 NOTE
r-devel-linux-x86_64-debian-gcc 3.1.3 63.49 301.71 365.20 NOTE
r-devel-linux-x86_64-fedora-clang 3.1.3 627.23 NOTE
r-devel-linux-x86_64-fedora-gcc 3.1.3 617.32 NOTE
r-devel-windows-x86_64 3.1.3 65.00 290.00 355.00 NOTE
r-patched-linux-x86_64 3.1.3 65.65 281.64 347.29 OK
r-release-linux-x86_64 3.1.3 61.86 400.88 462.74 OK
r-release-macos-arm64 3.1.3 187.00 NOTE
r-release-macos-x86_64 3.1.3 304.00 NOTE
r-release-windows-x86_64 3.1.3 91.00 387.00 478.00 OK
r-oldrel-macos-arm64 3.1.3 137.00 NOTE
r-oldrel-windows-x86_64 3.1.3 90.00 384.00 474.00 OK

Check Details

Version: 3.1.3
Check: Rd files
Result: NOTE checkRd: (-1) hypervolume_set.Rd:42: Lost braces; missing escapes or markup? 42 | By default, the function uses \code{check.memory=TRUE} which will provide an estimate of the computational cost of the set operations. The function should then be re-run with {check_memory=FALSE} if the cost is acceptable. This algorithm's memory and time cost scale quadratically with the number of input points, so large datasets can have disproportionately high costs. This error-checking is intended to prevent the user from large accidental memory allocation. | ^ Flavors: r-devel-linux-x86_64-debian-clang, r-devel-linux-x86_64-debian-gcc, r-devel-linux-x86_64-fedora-clang, r-devel-linux-x86_64-fedora-gcc, r-devel-windows-x86_64

Version: 3.1.3
Check: package dependencies
Result: NOTE Imports includes 22 non-default packages. Importing from so many packages makes the package vulnerable to any of them becoming unavailable. Move as many as possible to Suggests and use conditionally. Flavor: r-devel-linux-x86_64-fedora-clang

Version: 3.1.3
Check: dependencies in R code
Result: NOTE Namespace in Imports field not imported from: ‘raster’ All declared Imports should be used. Flavors: r-devel-linux-x86_64-fedora-clang, r-devel-linux-x86_64-fedora-gcc

Version: 3.1.3
Check: installed package size
Result: NOTE installed size is 5.8Mb sub-directories of 1Mb or more: doc 2.8Mb libs 1.8Mb Flavors: r-release-macos-arm64, r-release-macos-x86_64, r-oldrel-macos-arm64