CRAN Package Check Results for Package hyd1d

Last updated on 2024-06-13 16:49:10 CEST.

Flavor Version Tinstall Tcheck Ttotal Status Flags
r-devel-linux-x86_64-debian-clang 0.5.1 15.99 135.47 151.46 OK
r-devel-linux-x86_64-debian-gcc 0.5.1 0.54 1.70 2.24 ERROR
r-devel-linux-x86_64-fedora-clang 0.5.1 258.48 OK
r-devel-linux-x86_64-fedora-gcc 0.5.1 270.00 OK
r-devel-windows-x86_64 0.5.1 14.00 166.00 180.00 OK
r-patched-linux-x86_64 0.5.1 15.15 126.05 141.20 OK
r-release-linux-x86_64 0.5.1 15.09 130.09 145.18 OK
r-release-macos-arm64 0.5.1 211.00 OK
r-release-macos-x86_64 0.5.1 337.00 OK
r-release-windows-x86_64 0.5.1 15.00 197.00 212.00 OK
r-oldrel-macos-arm64 0.5.1 230.00 OK
r-oldrel-macos-x86_64 0.5.1 320.00 OK
r-oldrel-windows-x86_64 0.5.1 20.00 191.00 211.00 OK

Check Details

Version: 0.5.1
Check: package dependencies
Result: ERROR Package required but not available: ‘httr2’ Packages suggested but not available for checking: 'testthat', 'stringr', 'devtools', 'pkgdown', 'roxygen2', 'shiny.i18n', 'lubridate', 'usethis' See section ‘The DESCRIPTION file’ in the ‘Writing R Extensions’ manual. Flavor: r-devel-linux-x86_64-debian-gcc