Last updated on 2023-06-10 16:53:38 CEST.
Flavor | Version | Tinstall | Tcheck | Ttotal | Status | Flags |
---|---|---|---|---|---|---|
r-devel-linux-x86_64-debian-clang | 2.0.2 | 264.44 | 172.05 | 436.49 | NOTE | |
r-devel-linux-x86_64-debian-gcc | 2.0.2 | 251.38 | 139.93 | 391.31 | NOTE | |
r-devel-linux-x86_64-fedora-clang | 2.0.2 | 564.22 | NOTE | |||
r-devel-linux-x86_64-fedora-gcc | 2.0.2 | 702.10 | NOTE | |||
r-devel-windows-x86_64 | 2.0.2 | 209.00 | 205.00 | 414.00 | NOTE | |
r-patched-linux-x86_64 | 2.0.2 | 233.98 | 178.12 | 412.10 | NOTE | |
r-release-linux-x86_64 | 2.0.2 | 190.59 | 177.92 | 368.51 | NOTE | |
r-release-macos-arm64 | 2.0.2 | 160.00 | NOTE | |||
r-release-macos-x86_64 | 2.0.1 | 295.00 | NOTE | |||
r-release-windows-x86_64 | 2.0.2 | 284.00 | 257.00 | 541.00 | NOTE | |
r-oldrel-macos-arm64 | 2.0.2 | 169.00 | NOTE | |||
r-oldrel-macos-x86_64 | 2.0.2 | 213.00 | NOTE | |||
r-oldrel-windows-x86_64 | 2.0.2 | 259.00 | 243.00 | 502.00 | NOTE |
Version: 2.0.2
Check: for GNU extensions in Makefiles
Result: NOTE
GNU make is a SystemRequirements.
Flavors: r-devel-linux-x86_64-debian-clang, r-devel-linux-x86_64-debian-gcc, r-devel-linux-x86_64-fedora-clang, r-devel-linux-x86_64-fedora-gcc, r-devel-windows-x86_64, r-patched-linux-x86_64, r-release-linux-x86_64, r-release-macos-arm64, r-release-windows-x86_64, r-oldrel-macos-arm64, r-oldrel-macos-x86_64, r-oldrel-windows-x86_64
Version: 2.0.2
Check: installed package size
Result: NOTE
installed size is 44.0Mb
sub-directories of 1Mb or more:
libs 43.4Mb
Flavors: r-release-macos-arm64, r-oldrel-macos-arm64, r-oldrel-macos-x86_64
Version: 2.0.1
Check: installed package size
Result: NOTE
installed size is 41.2Mb
sub-directories of 1Mb or more:
libs 40.5Mb
Flavor: r-release-macos-x86_64
Version: 2.0.1
Check: for GNU extensions in Makefiles
Result: NOTE
GNU make is a SystemRequirements.
Flavor: r-release-macos-x86_64