CRAN Package Check Results for Package humanleague

Last updated on 2020-08-06 15:49:34 CEST.

Flavor Version Tinstall Tcheck Ttotal Status Flags
r-devel-linux-x86_64-debian-clang 2.1.2 121.88 28.40 150.28 OK
r-devel-linux-x86_64-debian-gcc 2.1.2 97.79 22.50 120.29 OK
r-devel-linux-x86_64-fedora-clang 2.1.2 172.80 NOTE
r-devel-linux-x86_64-fedora-gcc 2.1.2 190.18 OK
r-devel-windows-ix86+x86_64 2.1.2 249.00 79.00 328.00 OK
r-patched-linux-x86_64 2.1.2 107.99 27.95 135.94 OK
r-patched-solaris-x86 2.1.2 173.20 OK
r-release-linux-x86_64 2.1.2 104.18 27.81 131.99 OK
r-release-macos-x86_64 2.1.2 NOTE
r-release-windows-ix86+x86_64 2.1.2 250.00 82.00 332.00 OK
r-oldrel-macos-x86_64 2.1.2 NOTE
r-oldrel-windows-ix86+x86_64 2.1.2 166.00 90.00 256.00 OK

Check Details

Version: 2.1.2
Check: installed package size
Result: NOTE
     installed size is 11.3Mb
     sub-directories of 1Mb or more:
     libs 11.2Mb
Flavors: r-devel-linux-x86_64-fedora-clang, r-release-macos-x86_64, r-oldrel-macos-x86_64