CRAN Package Check Results for Package huge

Last updated on 2020-10-26 03:48:25 CET.

Flavor Version Tinstall Tcheck Ttotal Status Flags
r-devel-linux-x86_64-debian-clang 1.3.4.1 86.00 132.50 218.50 OK
r-devel-linux-x86_64-debian-gcc 1.3.4.1 55.65 104.18 159.83 OK
r-devel-linux-x86_64-fedora-clang 1.3.4.1 282.79 NOTE
r-devel-linux-x86_64-fedora-gcc 1.3.4.1 255.97 OK
r-devel-windows-ix86+x86_64 1.3.4.1 173.00 258.00 431.00 OK
r-patched-linux-x86_64 1.3.4.1 71.97 124.58 196.55 OK
r-patched-solaris-x86 1.3.4.1 286.90 OK
r-release-linux-x86_64 1.3.4.1 69.99 123.47 193.46 OK
r-release-macos-x86_64 1.3.4.1 NOTE
r-release-windows-ix86+x86_64 1.3.4.1 125.00 194.00 319.00 OK
r-oldrel-macos-x86_64 1.3.4.1 NOTE
r-oldrel-windows-ix86+x86_64 1.3.4.1 149.00 233.00 382.00 OK

Check Details

Version: 1.3.4.1
Check: installed package size
Result: NOTE
     installed size is 9.4Mb
     sub-directories of 1Mb or more:
     libs 8.0Mb
Flavors: r-devel-linux-x86_64-fedora-clang, r-release-macos-x86_64, r-oldrel-macos-x86_64