CRAN Package Check Results for Package httr

Last updated on 2020-07-07 03:47:52 CEST.

Flavor Version Tinstall Tcheck Ttotal Status Flags
r-devel-linux-x86_64-debian-clang 1.4.1 9.26 45.57 54.83 ERROR
r-devel-linux-x86_64-debian-gcc 1.4.1 5.68 35.86 41.54 ERROR
r-devel-linux-x86_64-fedora-clang 1.4.1 72.31 ERROR
r-devel-linux-x86_64-fedora-gcc 1.4.1 71.95 ERROR
r-devel-windows-ix86+x86_64 1.4.1 11.00 91.00 102.00 ERROR
r-patched-linux-x86_64 1.4.1 6.93 45.58 52.51 ERROR
r-patched-solaris-x86 1.4.1 82.10 ERROR
r-release-linux-x86_64 1.4.1 9.29 46.14 55.43 ERROR
r-release-osx-x86_64 1.4.1 OK
r-release-windows-ix86+x86_64 1.4.1 13.00 92.00 105.00 ERROR
r-oldrel-osx-x86_64 1.4.1 OK
r-oldrel-windows-ix86+x86_64 1.4.1 14.00 134.00 148.00 ERROR

Check Details

Version: 1.4.1
Check: tests
Result: ERROR
     Running 'testthat.R' [4s/12s]
    Running the tests in 'tests/testthat.R' failed.
    Complete output:
     > library(testthat)
     > test_check("httr")
     Loading required package: httr
     -- 1. Failure: All headers captures headers from redirects (@test-header.r#18)
     length(r1$all_headers) not equal to 1 + 1.
     1/1 mismatches
     [1] 1 - 2 == -1
    
     -- 2. Failure: All headers captures headers from redirects (@test-header.r#21)
     length(r3$all_headers) not equal to 3 + 1.
     1/1 mismatches
     [1] 1 - 4 == -3
    
     -- 3. Failure: if request_perform() throws an error, RETRY passes it on (@test-r
     `RETRY(...)` did not throw an error.
    
     == testthat results ===========================================================
     [ OK: 156 | SKIPPED: 2 | WARNINGS: 4 | FAILED: 3 ]
     1. Failure: All headers captures headers from redirects (@test-header.r#18)
     2. Failure: All headers captures headers from redirects (@test-header.r#21)
     3. Failure: if request_perform() throws an error, RETRY passes it on (@test-retry.R#18)
    
     Error: testthat unit tests failed
     Execution halted
Flavor: r-devel-linux-x86_64-debian-clang

Version: 1.4.1
Check: tests
Result: ERROR
     Running ‘testthat.R’ [3s/11s]
    Running the tests in ‘tests/testthat.R’ failed.
    Complete output:
     > library(testthat)
     > test_check("httr")
     Loading required package: httr
     ── 1. Failure: All headers captures headers from redirects (@test-header.r#18)
     length(r1$all_headers) not equal to 1 + 1.
     1/1 mismatches
     [1] 1 - 2 == -1
    
     ── 2. Failure: All headers captures headers from redirects (@test-header.r#21)
     length(r3$all_headers) not equal to 3 + 1.
     1/1 mismatches
     [1] 1 - 4 == -3
    
     ── 3. Failure: if request_perform() throws an error, RETRY passes it on (@test-r
     `RETRY(...)` did not throw an error.
    
     ══ testthat results ═══════════════════════════════════════════════════════════
     [ OK: 156 | SKIPPED: 2 | WARNINGS: 4 | FAILED: 3 ]
     1. Failure: All headers captures headers from redirects (@test-header.r#18)
     2. Failure: All headers captures headers from redirects (@test-header.r#21)
     3. Failure: if request_perform() throws an error, RETRY passes it on (@test-retry.R#18)
    
     Error: testthat unit tests failed
     Execution halted
Flavor: r-devel-linux-x86_64-debian-gcc

Version: 1.4.1
Check: tests
Result: ERROR
     Running ‘testthat.R’ [4s/12s]
    Running the tests in ‘tests/testthat.R’ failed.
    Complete output:
     > library(testthat)
     > test_check("httr")
     Loading required package: httr
     ── 1. Failure: All headers captures headers from redirects (@test-header.r#18)
     length(r1$all_headers) not equal to 1 + 1.
     1/1 mismatches
     [1] 1 - 2 == -1
    
     ── 2. Failure: All headers captures headers from redirects (@test-header.r#21)
     length(r3$all_headers) not equal to 3 + 1.
     1/1 mismatches
     [1] 1 - 4 == -3
    
     ══ testthat results ═══════════════════════════════════════════════════════════
     [ OK: 157 | SKIPPED: 2 | WARNINGS: 4 | FAILED: 2 ]
     1. Failure: All headers captures headers from redirects (@test-header.r#18)
     2. Failure: All headers captures headers from redirects (@test-header.r#21)
    
     Error: testthat unit tests failed
     Execution halted
Flavor: r-devel-linux-x86_64-fedora-clang

Version: 1.4.1
Check: tests
Result: ERROR
     Running ‘testthat.R’ [12s/20s]
    Running the tests in ‘tests/testthat.R’ failed.
    Complete output:
     > library(testthat)
     > test_check("httr")
     Loading required package: httr
     ── 1. Failure: All headers captures headers from redirects (@test-header.r#18)
     length(r1$all_headers) not equal to 1 + 1.
     1/1 mismatches
     [1] 1 - 2 == -1
    
     ── 2. Failure: All headers captures headers from redirects (@test-header.r#21)
     length(r3$all_headers) not equal to 3 + 1.
     1/1 mismatches
     [1] 1 - 4 == -3
    
     ══ testthat results ═══════════════════════════════════════════════════════════
     [ OK: 157 | SKIPPED: 2 | WARNINGS: 4 | FAILED: 2 ]
     1. Failure: All headers captures headers from redirects (@test-header.r#18)
     2. Failure: All headers captures headers from redirects (@test-header.r#21)
    
     Error: testthat unit tests failed
     Execution halted
Flavor: r-devel-linux-x86_64-fedora-gcc

Version: 1.4.1
Check: tests
Result: ERROR
     Running 'testthat.R' [11s]
    Running the tests in 'tests/testthat.R' failed.
    Complete output:
     > library(testthat)
     > test_check("httr")
     Loading required package: httr
     -- 1. Failure: All headers captures headers from redirects (@test-header.r#18)
     length(r1$all_headers) not equal to 1 + 1.
     1/1 mismatches
     [1] 1 - 2 == -1
    
     -- 2. Failure: All headers captures headers from redirects (@test-header.r#21)
     length(r3$all_headers) not equal to 3 + 1.
     1/1 mismatches
     [1] 1 - 4 == -3
    
     == testthat results ===========================================================
     [ OK: 157 | SKIPPED: 2 | WARNINGS: 4 | FAILED: 2 ]
     1. Failure: All headers captures headers from redirects (@test-header.r#18)
     2. Failure: All headers captures headers from redirects (@test-header.r#21)
    
     Error: testthat unit tests failed
     Execution halted
Flavor: r-devel-windows-ix86+x86_64

Version: 1.4.1
Check: tests
Result: ERROR
     Running ‘testthat.R’ [4s/13s]
    Running the tests in ‘tests/testthat.R’ failed.
    Complete output:
     > library(testthat)
     > test_check("httr")
     Loading required package: httr
     ── 1. Failure: All headers captures headers from redirects (@test-header.r#18)
     length(r1$all_headers) not equal to 1 + 1.
     1/1 mismatches
     [1] 1 - 2 == -1
    
     ── 2. Failure: All headers captures headers from redirects (@test-header.r#21)
     length(r3$all_headers) not equal to 3 + 1.
     1/1 mismatches
     [1] 1 - 4 == -3
    
     ── 3. Failure: if request_perform() throws an error, RETRY passes it on (@test-r
     `RETRY(...)` did not throw an error.
    
     ══ testthat results ═══════════════════════════════════════════════════════════
     [ OK: 156 | SKIPPED: 2 | WARNINGS: 4 | FAILED: 3 ]
     1. Failure: All headers captures headers from redirects (@test-header.r#18)
     2. Failure: All headers captures headers from redirects (@test-header.r#21)
     3. Failure: if request_perform() throws an error, RETRY passes it on (@test-retry.R#18)
    
     Error: testthat unit tests failed
     Execution halted
Flavors: r-patched-linux-x86_64, r-release-linux-x86_64

Version: 1.4.1
Check: tests
Result: ERROR
     Running ‘testthat.R’ [5s/65s]
    Running the tests in ‘tests/testthat.R’ failed.
    Complete output:
     > library(testthat)
     > test_check("httr")
     Loading required package: httr
     ── 1. Failure: All headers captures headers from redirects (@test-header.r#18)
     length(r1$all_headers) not equal to 1 + 1.
     1/1 mismatches
     [1] 1 - 2 == -1
    
     ── 2. Failure: All headers captures headers from redirects (@test-header.r#21)
     length(r3$all_headers) not equal to 3 + 1.
     1/1 mismatches
     [1] 1 - 4 == -3
    
     ── 3. Failure: if request_perform() throws an error, RETRY passes it on (@test-r
     `RETRY(...)` threw an error with unexpected message.
     Expected match: "resolve host"
     Actual message: "Could not resolve: 98d90a2a254647889e2e4c236fb576cd.com (Domain name not found)"
     Backtrace:
     1. testthat::expect_error(...)
     6. httr::RETRY(...)
    
     ══ testthat results ═══════════════════════════════════════════════════════════
     [ OK: 156 | SKIPPED: 2 | WARNINGS: 4 | FAILED: 3 ]
     1. Failure: All headers captures headers from redirects (@test-header.r#18)
     2. Failure: All headers captures headers from redirects (@test-header.r#21)
     3. Failure: if request_perform() throws an error, RETRY passes it on (@test-retry.R#18)
    
     Error: testthat unit tests failed
     Execution halted
Flavor: r-patched-solaris-x86

Version: 1.4.1
Check: tests
Result: ERROR
     Running 'testthat.R' [10s]
    Running the tests in 'tests/testthat.R' failed.
    Complete output:
     > library(testthat)
     > test_check("httr")
     Loading required package: httr
     -- 1. Failure: All headers captures headers from redirects (@test-header.r#18)
     length(r1$all_headers) not equal to 1 + 1.
     1/1 mismatches
     [1] 1 - 2 == -1
    
     -- 2. Failure: All headers captures headers from redirects (@test-header.r#21)
     length(r3$all_headers) not equal to 3 + 1.
     1/1 mismatches
     [1] 1 - 4 == -3
    
     == testthat results ===========================================================
     [ OK: 157 | SKIPPED: 2 | WARNINGS: 4 | FAILED: 2 ]
     1. Failure: All headers captures headers from redirects (@test-header.r#18)
     2. Failure: All headers captures headers from redirects (@test-header.r#21)
    
     Error: testthat unit tests failed
     Execution halted
Flavor: r-release-windows-ix86+x86_64

Version: 1.4.1
Check: tests
Result: ERROR
     Running 'testthat.R' [12s]
    Running the tests in 'tests/testthat.R' failed.
    Complete output:
     > library(testthat)
     > test_check("httr")
     Loading required package: httr
     -- 1. Failure: All headers captures headers from redirects (@test-header.r#18)
     length(r1$all_headers) not equal to 1 + 1.
     1/1 mismatches
     [1] 1 - 2 == -1
    
     -- 2. Failure: All headers captures headers from redirects (@test-header.r#21)
     length(r3$all_headers) not equal to 3 + 1.
     1/1 mismatches
     [1] 1 - 4 == -3
    
     == testthat results ===========================================================
     [ OK: 157 | SKIPPED: 2 | WARNINGS: 4 | FAILED: 2 ]
     1. Failure: All headers captures headers from redirects (@test-header.r#18)
     2. Failure: All headers captures headers from redirects (@test-header.r#21)
    
     Error: testthat unit tests failed
     Execution halted
Flavor: r-oldrel-windows-ix86+x86_64