CRAN Package Check Results for Package htmltools

Last updated on 2020-08-06 04:48:06 CEST.

Flavor Version Tinstall Tcheck Ttotal Status Flags
r-devel-linux-x86_64-debian-clang 0.5.0 5.42 34.33 39.75 OK
r-devel-linux-x86_64-debian-gcc 0.5.0 4.67 26.24 30.91 OK
r-devel-linux-x86_64-fedora-clang 0.5.0 56.03 NOTE
r-devel-linux-x86_64-fedora-gcc 0.5.0 46.69 OK
r-devel-windows-ix86+x86_64 0.5.0 18.00 59.00 77.00 OK
r-patched-linux-x86_64 0.5.0 6.12 34.23 40.35 OK
r-patched-solaris-x86 0.5.0 67.00 OK
r-release-linux-x86_64 0.5.0 5.46 34.01 39.47 OK
r-release-macos-x86_64 0.5.0 OK
r-release-windows-ix86+x86_64 0.5.0 19.00 64.00 83.00 OK
r-oldrel-macos-x86_64 0.5.0 OK
r-oldrel-windows-ix86+x86_64 0.5.0 14.00 71.00 85.00 OK

Check Details

Version: 0.5.0
Check: Rd cross-references
Result: NOTE
    Undeclared package ‘shiny’ in Rd xrefs
Flavor: r-devel-linux-x86_64-fedora-clang