CRAN Package Check Results for Package htdp

Last updated on 2020-06-06 03:48:29 CEST.

Flavor Version Tinstall Tcheck Ttotal Status Flags
r-devel-linux-x86_64-debian-clang 0.1.4 30.47 23.30 53.77 OK
r-devel-linux-x86_64-debian-gcc 0.1.4 29.85 18.51 48.36 OK
r-devel-linux-x86_64-fedora-clang 0.1.4 83.59 NOTE
r-devel-linux-x86_64-fedora-gcc 0.1.4 71.84 NOTE
r-devel-windows-ix86+x86_64 0.1.4 100.00 56.00 156.00 NOTE
r-patched-linux-x86_64 0.1.4 27.73 23.30 51.03 OK
r-patched-solaris-x86 0.1.4 79.60 OK
r-release-linux-x86_64 0.1.4 27.07 23.34 50.41 OK
r-release-osx-x86_64 0.1.4 OK
r-release-windows-ix86+x86_64 0.1.4 84.00 74.00 158.00 NOTE
r-oldrel-osx-x86_64 0.1.4 OK
r-oldrel-windows-ix86+x86_64 0.1.4 137.00 59.00 196.00 NOTE

Check Details

Version: 0.1.4
Check: compiled code
Result: NOTE
    File ‘htdp/libs/htdp.so’:
     Found no calls to: ‘R_registerRoutines’, ‘R_useDynamicSymbols’
    
    It is good practice to register native routines and to disable symbol
    search.
    
    See ‘Writing portable packages’ in the ‘Writing R Extensions’ manual.
Flavors: r-devel-linux-x86_64-fedora-clang, r-devel-linux-x86_64-fedora-gcc

Version: 0.1.4
Check: installed package size
Result: NOTE
     installed size is 6.0Mb
     sub-directories of 1Mb or more:
     libs 6.0Mb
Flavors: r-devel-windows-ix86+x86_64, r-release-windows-ix86+x86_64, r-oldrel-windows-ix86+x86_64