CRAN Package Check Results for Package hot.deck

Last updated on 2023-12-10 16:51:15 CET.

Flavor Version Tinstall Tcheck Ttotal Status Flags
r-devel-linux-x86_64-debian-clang 1.2 3.05 52.78 55.83 NOTE
r-devel-linux-x86_64-debian-gcc 1.2 2.57 38.51 41.08 NOTE
r-devel-linux-x86_64-fedora-clang 1.2 69.01 OK
r-devel-linux-x86_64-fedora-gcc 1.2 77.90 OK
r-devel-windows-x86_64 1.2 4.00 64.00 68.00 OK
r-patched-linux-x86_64 1.2 3.67 51.30 54.97 OK
r-release-linux-x86_64 1.2 2.64 51.29 53.93 OK
r-release-macos-arm64 1.2 35.00 OK
r-release-macos-x86_64 1.2 50.00 OK
r-release-windows-x86_64 1.2 6.00 69.00 75.00 OK
r-oldrel-macos-arm64 1.2 24.00 OK
r-oldrel-macos-x86_64 1.2 46.00 OK
r-oldrel-windows-x86_64 1.2 6.00 71.00 77.00 OK

Check Details

Version: 1.2
Check: Rd files
Result: NOTE checkRd: (-1) hd.ord.Rd:43: Lost braces in \itemize; \value handles \item{}{} directly checkRd: (-1) hd.ord.Rd:44: Lost braces in \itemize; \value handles \item{}{} directly checkRd: (-1) hd.ord.Rd:45: Lost braces in \itemize; \value handles \item{}{} directly checkRd: (-1) hd.ord.Rd:46: Lost braces in \itemize; \value handles \item{}{} directly checkRd: (-1) hd.ord.Rd:47: Lost braces in \itemize; \value handles \item{}{} directly checkRd: (-1) hd.ord.Rd:48: Lost braces in \itemize; \value handles \item{}{} directly checkRd: (-1) hd.ord.Rd:49: Lost braces in \itemize; \value handles \item{}{} directly checkRd: (-1) hd.ord.Rd:50: Lost braces in \itemize; \value handles \item{}{} directly checkRd: (-1) hd.ord.Rd:51: Lost braces in \itemize; \value handles \item{}{} directly checkRd: (-1) hd.ord.Rd:52: Lost braces in \itemize; \value handles \item{}{} directly checkRd: (-1) hd.ord.Rd:53: Lost braces in \itemize; \value handles \item{}{} directly checkRd: (-1) hd.ord.Rd:54: Lost braces in \itemize; \value handles \item{}{} directly checkRd: (-1) hd.ord.Rd:55: Lost braces in \itemize; \value handles \item{}{} directly checkRd: (-1) hd.ord.Rd:56: Lost braces in \itemize; \value handles \item{}{} directly checkRd: (-1) hot.deck.Rd:39: Lost braces in \itemize; \value handles \item{}{} directly checkRd: (-1) hot.deck.Rd:40: Lost braces in \itemize; \value handles \item{}{} directly checkRd: (-1) hot.deck.Rd:41: Lost braces in \itemize; \value handles \item{}{} directly checkRd: (-1) hot.deck.Rd:42: Lost braces in \itemize; \value handles \item{}{} directly checkRd: (-1) hot.deck.Rd:43: Lost braces in \itemize; \value handles \item{}{} directly checkRd: (-1) hot.deck.Rd:44: Lost braces in \itemize; \value handles \item{}{} directly Flavors: r-devel-linux-x86_64-debian-clang, r-devel-linux-x86_64-debian-gcc