CRAN Package Check Results for Package hopit

Last updated on 2024-02-25 04:51:08 CET.

Flavor Version Tinstall Tcheck Ttotal Status Flags
r-devel-linux-x86_64-debian-clang 0.11.6 49.82 134.24 184.06 OK
r-devel-linux-x86_64-debian-gcc 0.11.6 41.73 101.65 143.38 OK
r-devel-linux-x86_64-fedora-clang 0.11.6 246.41 OK
r-devel-linux-x86_64-fedora-gcc 0.11.6 252.50 OK
r-devel-windows-x86_64 0.11.6 38.00 137.00 175.00 OK
r-patched-linux-x86_64 0.11.6 35.37 130.44 165.81 OK
r-release-linux-x86_64 0.11.6 35.92 129.34 165.26 OK
r-release-macos-arm64 0.11.6 84.00 NOTE
r-release-macos-x86_64 0.11.6 198.00 NOTE
r-release-windows-x86_64 0.11.6 48.00 167.00 215.00 OK
r-oldrel-macos-arm64 0.11.6 78.00 NOTE
r-oldrel-windows-x86_64 0.11.6 48.00 163.00 211.00 OK

Check Details

Version: 0.11.6
Check: installed package size
Result: NOTE installed size is 10.0Mb sub-directories of 1Mb or more: libs 9.3Mb Flavors: r-release-macos-arm64, r-release-macos-x86_64, r-oldrel-macos-arm64