Last updated on 2023-12-08 16:54:09 CET.
Flavor | Version | Tinstall | Tcheck | Ttotal | Status | Flags |
---|---|---|---|---|---|---|
r-devel-linux-x86_64-debian-clang | 1.0-10 | 6.02 | 60.01 | 66.03 | OK | |
r-devel-linux-x86_64-debian-gcc | 1.0-10 | 3.50 | 44.69 | 48.19 | OK | |
r-devel-linux-x86_64-fedora-clang | 1.0-10 | 86.05 | NOTE | |||
r-devel-linux-x86_64-fedora-gcc | 1.0-10 | 80.37 | OK | |||
r-devel-windows-x86_64 | 1.0-10 | 6.00 | 65.00 | 71.00 | OK | |
r-patched-linux-x86_64 | 1.0-10 | 5.53 | 56.92 | 62.45 | OK | |
r-release-linux-x86_64 | 1.0-10 | 4.57 | 55.96 | 60.53 | OK | |
r-release-macos-arm64 | 1.0-10 | 26.00 | OK | |||
r-release-macos-x86_64 | 1.0-10 | 40.00 | OK | |||
r-release-windows-x86_64 | 1.0-10 | 7.00 | 71.00 | 78.00 | OK | |
r-oldrel-macos-arm64 | 1.0-10 | 28.00 | OK | |||
r-oldrel-macos-x86_64 | 1.0-10 | 37.00 | OK | |||
r-oldrel-windows-x86_64 | 1.0-10 | 7.00 | 76.00 | 83.00 | OK |
Version: 1.0-10
Check: Rd cross-references
Result: NOTE
Undeclared package ‘rgl’ in Rd xrefs
Flavor: r-devel-linux-x86_64-fedora-clang