CRAN Package Check Results for Package hmmm

Last updated on 2024-02-23 16:53:19 CET.

Flavor Version Tinstall Tcheck Ttotal Status Flags
r-devel-linux-x86_64-debian-clang 1.0-4 NOTE
r-devel-linux-x86_64-debian-gcc 1.0-4 4.77 87.44 92.21 NOTE
r-devel-linux-x86_64-fedora-clang 1.0-4 140.22 OK
r-devel-linux-x86_64-fedora-gcc 1.0-4 157.48 OK
r-devel-windows-x86_64 1.0-4 6.00 134.00 140.00 OK
r-patched-linux-x86_64 1.0-4 7.00 113.07 120.07 OK
r-release-linux-x86_64 1.0-4 6.61 108.52 115.13 OK
r-release-macos-arm64 1.0-4 93.00 OK
r-release-macos-x86_64 1.0-4 124.00 OK
r-release-windows-x86_64 1.0-4 5.00 144.00 149.00 OK
r-oldrel-macos-arm64 1.0-4 79.00 OK
r-oldrel-windows-x86_64 1.0-4 8.00 149.00 157.00 OK

Check Details

Version: 1.0-4
Check: Rd files
Result: NOTE checkRd: (-1) hmmm.model.Rd:45: Lost braces; missing escapes or markup? 45 | with categories k_1, k_2, the joint frequencies y = {y_ij}, where i=1,...,k_1, j=1,...,k_2, | ^ Flavors: r-devel-linux-x86_64-debian-clang, r-devel-linux-x86_64-debian-gcc