Last updated on 2023-12-07 16:49:33 CET.
Flavor | Version | Tinstall | Tcheck | Ttotal | Status | Flags |
---|---|---|---|---|---|---|
r-devel-linux-x86_64-debian-clang | 1.0.2 | 202.90 | 301.38 | 504.28 | OK | |
r-devel-linux-x86_64-debian-gcc | 1.0.2 | 179.88 | 221.75 | 401.63 | OK | |
r-devel-linux-x86_64-fedora-clang | 1.0.2 | 652.40 | OK | |||
r-devel-linux-x86_64-fedora-gcc | 1.0.2 | 780.61 | OK | |||
r-devel-windows-x86_64 | 1.0.2 | 151.00 | 231.00 | 382.00 | NOTE | |
r-patched-linux-x86_64 | 1.0.2 | 159.11 | 292.77 | 451.88 | OK | |
r-release-linux-x86_64 | 1.0.2 | 161.71 | 294.07 | 455.78 | OK | |
r-release-macos-arm64 | 1.0.2 | 161.00 | NOTE | |||
r-release-macos-x86_64 | 1.0.2 | 408.00 | NOTE | |||
r-release-windows-x86_64 | 1.0.2 | 198.00 | 297.00 | 495.00 | NOTE | |
r-oldrel-macos-arm64 | 1.0.2 | 170.00 | NOTE | |||
r-oldrel-macos-x86_64 | 1.0.1 | 200.00 | NOTE | |||
r-oldrel-windows-x86_64 | 1.0.2 | 188.00 | 290.00 | 478.00 | NOTE |
Version: 1.0.2
Check: installed package size
Result: NOTE
installed size is 14.9Mb
sub-directories of 1Mb or more:
libs 13.7Mb
Flavors: r-devel-windows-x86_64, r-release-macos-arm64, r-release-macos-x86_64, r-release-windows-x86_64, r-oldrel-macos-arm64, r-oldrel-windows-x86_64
Version: 1.0.1
Check: installed package size
Result: NOTE
installed size is 64.7Mb
sub-directories of 1Mb or more:
libs 63.6Mb
Flavor: r-oldrel-macos-x86_64