CRAN Package Check Results for Package himach

Last updated on 2024-06-13 16:49:10 CEST.

Flavor Version Tinstall Tcheck Ttotal Status Flags
r-devel-linux-x86_64-debian-clang 0.3.2 10.92 187.42 198.34 OK
r-devel-linux-x86_64-debian-gcc 0.3.2 0.53 1.88 2.41 ERROR
r-devel-linux-x86_64-fedora-clang 0.3.2 245.27 OK
r-devel-linux-x86_64-fedora-gcc 0.3.2 243.79 OK
r-devel-windows-x86_64 0.3.2 10.00 152.00 162.00 OK
r-patched-linux-x86_64 0.3.2 11.95 180.60 192.55 OK
r-release-linux-x86_64 0.3.2 7.38 179.79 187.17 OK
r-release-macos-arm64 0.3.2 74.00 OK
r-release-macos-x86_64 0.3.2 118.00 OK
r-release-windows-x86_64 0.3.2 13.00 160.00 173.00 OK
r-oldrel-macos-arm64 0.3.2 77.00 OK
r-oldrel-macos-x86_64 0.3.2 190.00 OK
r-oldrel-windows-x86_64 0.3.2 15.00 182.00 197.00 OK

Check Details

Version: 0.3.2
Check: package dependencies
Result: ERROR Packages required but not available: 'dplyr', 'ggplot2', 'purrr', 'tidyr' Packages suggested but not available for checking: 'airportr', 'cowplot', 'progress', 'stringr', 'testthat', 'viridis' See section ‘The DESCRIPTION file’ in the ‘Writing R Extensions’ manual. Flavor: r-devel-linux-x86_64-debian-gcc