CRAN Package Check Results for Package heterogen

Last updated on 2024-03-02 04:48:24 CET.

Flavor Version Tinstall Tcheck Ttotal Status Flags
r-devel-linux-x86_64-debian-clang 1.2.33 112.74 227.30 340.04 OK
r-devel-linux-x86_64-debian-gcc 1.2.33 79.47 164.82 244.29 OK
r-devel-linux-x86_64-fedora-clang 1.2.33 438.89 OK
r-devel-linux-x86_64-fedora-gcc 1.2.33 404.29 OK
r-devel-windows-x86_64 1.2.33 79.00 160.00 239.00 OK
r-patched-linux-x86_64 1.2.33 79.31 213.12 292.43 OK
r-release-linux-x86_64 1.2.33 77.99 214.32 292.31 OK
r-release-macos-arm64 1.2.33 96.00 NOTE
r-release-macos-x86_64 1.2.33 213.00 NOTE
r-release-windows-x86_64 1.2.33 107.00 216.00 323.00 OK
r-oldrel-macos-arm64 1.2.33 94.00 NOTE
r-oldrel-windows-x86_64 1.2.33 97.00 200.00 297.00 OK

Check Details

Version: 1.2.33
Check: installed package size
Result: NOTE installed size is 5.2Mb sub-directories of 1Mb or more: extdata 2.6Mb libs 2.4Mb Flavors: r-release-macos-arm64, r-release-macos-x86_64, r-oldrel-macos-arm64